{"id":2777,"date":"2024-08-27T15:51:34","date_gmt":"2024-08-27T12:51:34","guid":{"rendered":"https:\/\/kervanmagazacilik.com\/?post_type=product&#038;p=2777"},"modified":"2024-09-21T08:01:22","modified_gmt":"2024-09-21T05:01:22","slug":"611grs000015","status":"publish","type":"product","link":"https:\/\/kervanmagazacilik.com\/index.php\/urun\/611grs000015\/","title":{"rendered":"611GRS000015"},"content":{"rendered":"<p>611GRS000015<\/p>\n<p>\u0130K\u0130L\u0130 KOLTUK<\/p>\n<p>69x125x78cm 2077S-2<\/p>\n<p>Al\u00fcminyum+Polyester Urgan<\/p>\n<p>Minder:50% pamuk, 50% polyester<\/p>\n<p>Mobilyalar\u0131 sert temizleyiciler veya cila ile temizlemeyin.<br \/>\nD\u0131\u015f mekan \u00fcr\u00fcnlerinizin en uzun kullan\u0131m \u00f6mr\u00fcn\u00fc elde etmek i\u00e7in do\u011frudan g\u00fcne\u015f \u0131\u015f\u0131\u011f\u0131na maruz kalman\u0131n en aza indirilmesi \u00f6nerilir.<br \/>\n\u00c7ocuklar mobilyalar\u0131n \u00fczerine t\u0131rmanmamal\u0131 veya atlamamal\u0131d\u0131r.<br \/>\nLekeler yumu\u015fak sabun sol\u00fcsyonu ve nemli bez ile \u00e7\u0131kar\u0131labilir.<\/p>\n","protected":false},"excerpt":{"rendered":"<p>611GRS000015 \u0130K\u0130L\u0130 KOLTUK 69x125x78cm 2077S-2 Al\u00fcminyum+Polyester Urgan Minder:50% pamuk, 50% polyester Mobilyalar\u0131 sert temizleyiciler veya cila ile temizlemeyin. D\u0131\u015f mekan \u00fcr\u00fcnlerinizin en uzun kullan\u0131m \u00f6mr\u00fcn\u00fc elde etmek i\u00e7in do\u011frudan g\u00fcne\u015f \u0131\u015f\u0131\u011f\u0131na maruz kalman\u0131n en aza indirilmesi \u00f6nerilir. \u00c7ocuklar mobilyalar\u0131n \u00fczerine t\u0131rmanmamal\u0131 veya atlamamal\u0131d\u0131r. Lekeler yumu\u015fak sabun sol\u00fcsyonu ve nemli bez ile \u00e7\u0131kar\u0131labilir.<\/p>\n","protected":false},"featured_media":2780,"template":"","meta":[],"product_brand":[],"product_cat":[1027],"product_tag":[778],"class_list":{"0":"post-2777","1":"product","2":"type-product","3":"status-publish","4":"has-post-thumbnail","6":"product_cat-611grs","7":"product_tag-611grs000015","9":"first","10":"instock","11":"taxable","12":"shipping-taxable","13":"product-type-simple"},"_links":{"self":[{"href":"https:\/\/kervanmagazacilik.com\/index.php\/wp-json\/wp\/v2\/product\/2777","targetHints":{"allow":["GET"]}}],"collection":[{"href":"https:\/\/kervanmagazacilik.com\/index.php\/wp-json\/wp\/v2\/product"}],"about":[{"href":"https:\/\/kervanmagazacilik.com\/index.php\/wp-json\/wp\/v2\/types\/product"}],"wp:featuredmedia":[{"embeddable":true,"href":"https:\/\/kervanmagazacilik.com\/index.php\/wp-json\/wp\/v2\/media\/2780"}],"wp:attachment":[{"href":"https:\/\/kervanmagazacilik.com\/index.php\/wp-json\/wp\/v2\/media?parent=2777"}],"wp:term":[{"taxonomy":"product_brand","embeddable":true,"href":"https:\/\/kervanmagazacilik.com\/index.php\/wp-json\/wp\/v2\/product_brand?post=2777"},{"taxonomy":"product_cat","embeddable":true,"href":"https:\/\/kervanmagazacilik.com\/index.php\/wp-json\/wp\/v2\/product_cat?post=2777"},{"taxonomy":"product_tag","embeddable":true,"href":"https:\/\/kervanmagazacilik.com\/index.php\/wp-json\/wp\/v2\/product_tag?post=2777"}],"curies":[{"name":"wp","href":"https:\/\/api.w.org\/{rel}","templated":true}]}}