{"id":27618,"date":"2025-06-26T11:45:07","date_gmt":"2025-06-26T08:45:07","guid":{"rendered":"https:\/\/kervanmagazacilik.com\/?post_type=product&#038;p=27618"},"modified":"2025-06-26T11:45:09","modified_gmt":"2025-06-26T08:45:09","slug":"611ps0000026","status":"publish","type":"product","link":"https:\/\/kervanmagazacilik.com\/index.php\/urun\/611ps0000026\/","title":{"rendered":"611PS0000026"},"content":{"rendered":"<p>611PS0000026<\/p>\n<p>YEMEK MASASI A\u00c7ILIR 100&#215;120-220x77cm PLO34<\/p>\n<p>Bayur A\u011fac\u0131 &#8211; MDF<br \/>\n1. \/ Silmek i\u00e7in nemli bir bez kullan\u0131n ve ard\u0131ndan kuru bir bezle silin.<br \/>\n2. \/ \u0130z b\u0131rakacak i\u015flemlere kar\u015f\u0131 koruma i\u00e7in, s\u0131cak e\u015fyalar\u0131 masa y\u00fczeyine yerle\u015ftirirken her zaman altl\u0131klar kullan\u0131lmal\u0131d\u0131r.<br \/>\n3.\/ Asla d\u00f6k\u00fcnt\u00fc b\u0131rakmamal\u0131, derhal temizlenmelidir. Baz\u0131 s\u0131v\u0131lar 2 saatten fazla masada kalmas\u0131 durumunda iz b\u0131rakabilmektedir.<br \/>\n4.\/ Mobilyalar\u0131 asla s\u00fcr\u00fcklemeyin &#8211; her zaman kald\u0131r\u0131n.<br \/>\n5.\/ Yemek masas\u0131n\u0131 ta\u015f\u0131rken asla masa \u00fcst\u00fcn\u00fc kullanarak kald\u0131rmay\u0131n.<\/p>\n","protected":false},"excerpt":{"rendered":"<p>611PS0000026 YEMEK MASASI A\u00c7ILIR 100&#215;120-220x77cm PLO34 Bayur A\u011fac\u0131 &#8211; MDF 1. \/ Silmek i\u00e7in nemli bir bez kullan\u0131n ve ard\u0131ndan kuru bir bezle silin. 2. \/ \u0130z b\u0131rakacak i\u015flemlere kar\u015f\u0131 koruma i\u00e7in, s\u0131cak e\u015fyalar\u0131 masa y\u00fczeyine yerle\u015ftirirken her zaman altl\u0131klar kullan\u0131lmal\u0131d\u0131r. 3.\/ Asla d\u00f6k\u00fcnt\u00fc b\u0131rakmamal\u0131, derhal temizlenmelidir. Baz\u0131 s\u0131v\u0131lar 2 saatten fazla masada kalmas\u0131 durumunda [&hellip;]<\/p>\n","protected":false},"featured_media":27623,"template":"","meta":[],"product_brand":[],"product_cat":[74],"product_tag":[6029],"class_list":{"0":"post-27618","1":"product","2":"type-product","3":"status-publish","4":"has-post-thumbnail","6":"product_cat-611ps","7":"product_tag-611ps0000026","9":"first","10":"instock","11":"taxable","12":"shipping-taxable","13":"product-type-simple"},"_links":{"self":[{"href":"https:\/\/kervanmagazacilik.com\/index.php\/wp-json\/wp\/v2\/product\/27618","targetHints":{"allow":["GET"]}}],"collection":[{"href":"https:\/\/kervanmagazacilik.com\/index.php\/wp-json\/wp\/v2\/product"}],"about":[{"href":"https:\/\/kervanmagazacilik.com\/index.php\/wp-json\/wp\/v2\/types\/product"}],"wp:featuredmedia":[{"embeddable":true,"href":"https:\/\/kervanmagazacilik.com\/index.php\/wp-json\/wp\/v2\/media\/27623"}],"wp:attachment":[{"href":"https:\/\/kervanmagazacilik.com\/index.php\/wp-json\/wp\/v2\/media?parent=27618"}],"wp:term":[{"taxonomy":"product_brand","embeddable":true,"href":"https:\/\/kervanmagazacilik.com\/index.php\/wp-json\/wp\/v2\/product_brand?post=27618"},{"taxonomy":"product_cat","embeddable":true,"href":"https:\/\/kervanmagazacilik.com\/index.php\/wp-json\/wp\/v2\/product_cat?post=27618"},{"taxonomy":"product_tag","embeddable":true,"href":"https:\/\/kervanmagazacilik.com\/index.php\/wp-json\/wp\/v2\/product_tag?post=27618"}],"curies":[{"name":"wp","href":"https:\/\/api.w.org\/{rel}","templated":true}]}}