{"id":27479,"date":"2025-06-26T08:34:01","date_gmt":"2025-06-26T05:34:01","guid":{"rendered":"https:\/\/kervanmagazacilik.com\/?post_type=product&#038;p=27479"},"modified":"2025-06-26T08:34:01","modified_gmt":"2025-06-26T05:34:01","slug":"759dsg000034","status":"publish","type":"product","link":"https:\/\/kervanmagazacilik.com\/index.php\/urun\/759dsg000034\/","title":{"rendered":"759DSG000034"},"content":{"rendered":"<p>759DSG000034<\/p>\n<p>DEKORAT\u0130F HEYKEL ANT\u0130K S\u0130YAH 100x30x30cm<\/p>\n<p>&nbsp;<\/p>\n","protected":false},"excerpt":{"rendered":"<p>759DSG000034 DEKORAT\u0130F HEYKEL ANT\u0130K S\u0130YAH 100x30x30cm &nbsp;<\/p>\n","protected":false},"featured_media":27480,"template":"","meta":[],"product_brand":[],"product_cat":[219],"product_tag":[5992],"class_list":{"0":"post-27479","1":"product","2":"type-product","3":"status-publish","4":"has-post-thumbnail","6":"product_cat-759dsg","7":"product_tag-759dsg000034","9":"first","10":"instock","11":"taxable","12":"shipping-taxable","13":"product-type-simple"},"_links":{"self":[{"href":"https:\/\/kervanmagazacilik.com\/index.php\/wp-json\/wp\/v2\/product\/27479","targetHints":{"allow":["GET"]}}],"collection":[{"href":"https:\/\/kervanmagazacilik.com\/index.php\/wp-json\/wp\/v2\/product"}],"about":[{"href":"https:\/\/kervanmagazacilik.com\/index.php\/wp-json\/wp\/v2\/types\/product"}],"wp:featuredmedia":[{"embeddable":true,"href":"https:\/\/kervanmagazacilik.com\/index.php\/wp-json\/wp\/v2\/media\/27480"}],"wp:attachment":[{"href":"https:\/\/kervanmagazacilik.com\/index.php\/wp-json\/wp\/v2\/media?parent=27479"}],"wp:term":[{"taxonomy":"product_brand","embeddable":true,"href":"https:\/\/kervanmagazacilik.com\/index.php\/wp-json\/wp\/v2\/product_brand?post=27479"},{"taxonomy":"product_cat","embeddable":true,"href":"https:\/\/kervanmagazacilik.com\/index.php\/wp-json\/wp\/v2\/product_cat?post=27479"},{"taxonomy":"product_tag","embeddable":true,"href":"https:\/\/kervanmagazacilik.com\/index.php\/wp-json\/wp\/v2\/product_tag?post=27479"}],"curies":[{"name":"wp","href":"https:\/\/api.w.org\/{rel}","templated":true}]}}