{"id":27231,"date":"2025-06-24T15:30:16","date_gmt":"2025-06-24T12:30:16","guid":{"rendered":"https:\/\/kervanmagazacilik.com\/?post_type=product&#038;p=27231"},"modified":"2025-06-24T15:30:17","modified_gmt":"2025-06-24T12:30:17","slug":"611cr0000321","status":"publish","type":"product","link":"https:\/\/kervanmagazacilik.com\/index.php\/urun\/611cr0000321\/","title":{"rendered":"611CR0000321"},"content":{"rendered":"<p>611CR0000321<\/p>\n<p>WHITE FLOWER YATAK+2 KOMODIN 180x200cm CAC64-001 (CAC64-701)<\/p>\n<p>KOMOD\u0130N : 45x35x66cm<\/p>\n<p>MANGO A\u011eACI<\/p>\n<p>H\u0130ND\u0130STAN&#8217;DA \u00dcRET\u0130LM\u0130\u015eT\u0130R<\/p>\n","protected":false},"excerpt":{"rendered":"<p>611CR0000321 WHITE FLOWER YATAK+2 KOMODIN 180x200cm CAC64-001 (CAC64-701) KOMOD\u0130N : 45x35x66cm MANGO A\u011eACI H\u0130ND\u0130STAN&#8217;DA \u00dcRET\u0130LM\u0130\u015eT\u0130R<\/p>\n","protected":false},"featured_media":27238,"template":"","meta":[],"product_brand":[],"product_cat":[146],"product_tag":[5932],"class_list":{"0":"post-27231","1":"product","2":"type-product","3":"status-publish","4":"has-post-thumbnail","6":"product_cat-611cr","7":"product_tag-611cr0000321","9":"first","10":"instock","11":"taxable","12":"shipping-taxable","13":"product-type-simple"},"_links":{"self":[{"href":"https:\/\/kervanmagazacilik.com\/index.php\/wp-json\/wp\/v2\/product\/27231","targetHints":{"allow":["GET"]}}],"collection":[{"href":"https:\/\/kervanmagazacilik.com\/index.php\/wp-json\/wp\/v2\/product"}],"about":[{"href":"https:\/\/kervanmagazacilik.com\/index.php\/wp-json\/wp\/v2\/types\/product"}],"wp:featuredmedia":[{"embeddable":true,"href":"https:\/\/kervanmagazacilik.com\/index.php\/wp-json\/wp\/v2\/media\/27238"}],"wp:attachment":[{"href":"https:\/\/kervanmagazacilik.com\/index.php\/wp-json\/wp\/v2\/media?parent=27231"}],"wp:term":[{"taxonomy":"product_brand","embeddable":true,"href":"https:\/\/kervanmagazacilik.com\/index.php\/wp-json\/wp\/v2\/product_brand?post=27231"},{"taxonomy":"product_cat","embeddable":true,"href":"https:\/\/kervanmagazacilik.com\/index.php\/wp-json\/wp\/v2\/product_cat?post=27231"},{"taxonomy":"product_tag","embeddable":true,"href":"https:\/\/kervanmagazacilik.com\/index.php\/wp-json\/wp\/v2\/product_tag?post=27231"}],"curies":[{"name":"wp","href":"https:\/\/api.w.org\/{rel}","templated":true}]}}