{"id":27129,"date":"2025-06-24T14:13:40","date_gmt":"2025-06-24T11:13:40","guid":{"rendered":"https:\/\/kervanmagazacilik.com\/?post_type=product&#038;p=27129"},"modified":"2025-06-24T14:13:41","modified_gmt":"2025-06-24T11:13:41","slug":"611artf00440","status":"publish","type":"product","link":"https:\/\/kervanmagazacilik.com\/index.php\/urun\/611artf00440\/","title":{"rendered":"611ARTF00440"},"content":{"rendered":"<p>611ARTF00440<\/p>\n<p>BAST\u0130ON \u00dc\u00c7L\u00dc KOLTUK V\u0130ZON 99x229x90cm 763501-5354FN<\/p>\n<p>% 100 POLYESTER<\/p>\n<p>Ah\u015fap mobilyalar a\u015f\u0131r\u0131 \u0131s\u0131ya veya neme maruz b\u0131rak\u0131lmamal\u0131d\u0131r, \u00f6rne\u011fin bir \u0131s\u0131 menfezinin veya a\u00e7\u0131k bir pencerenin yan\u0131na yerle\u015ftirilmemelidir. Do\u011frudan g\u00fcne\u015f \u0131\u015f\u0131\u011f\u0131na maruz kalmaktan ka\u00e7\u0131n\u0131lmal\u0131d\u0131r, \u00e7\u00fcnk\u00fc bu kaplamalar\u0131n solmas\u0131na neden olur.<br \/>\n\u2022 Baz\u0131 plastik ve kau\u00e7uk bile\u015fiklerdeki kimyasallar, mobilyayla uzun s\u00fcre temas halinde b\u0131rak\u0131l\u0131rsa ah\u015fap kaplamalar\u0131 yumu\u015fatabilir veya renklerini bozabilir. Bunu \u00f6nlemek i\u00e7in, aksesuarlar\u0131n alt\u0131na ke\u00e7e, deri veya mantar yerle\u015ftirin.<br \/>\n\u2022 Mobilyalarda normal kullan\u0131mdan kaynaklanan \u00e7izikler zamanla olu\u015fabilir. Bunlar,<br \/>\nev geli\u015ftirme ma\u011fazalar\u0131nda ve bir\u00e7ok boya ma\u011fazas\u0131nda bulunan mobilya s\u0131n\u0131f\u0131 \u00e7izik gidericiler veya \u00f6zel r\u00f6tu\u015f kalemleri veya \u00e7ubuklar\u0131yla r\u00f6tu\u015flanabilir.<br \/>\n\u2022 Ev tozu yumu\u015fak, temiz bir bezle temizlenebilir. Bez, bir mobilya toz alma \u00fcr\u00fcn\u00fcyle<br \/>\n\u0131slanabilir. Silikon bazl\u0131 \u00fcr\u00fcnlerden veya mobilyada ya\u011fl\u0131 bir<br \/>\nfilm b\u0131rakan \u00fcr\u00fcnlerden ka\u00e7\u0131n\u0131n, \u00e7\u00fcnk\u00fc bunlar kaplaman\u0131n bulan\u0131kla\u015fmas\u0131na ve toz toplamaya<br \/>\nmeyillidir. \u2022 Rutin toz alma i\u015fleminden daha kapsaml\u0131 bir ah\u015fap mobilya temizli\u011fine ihtiya\u00e7 varsa veya istek varsa, Guardsman Pro gibi y\u00fcksek kaliteli mobilya temizleyicileri \u00f6nerilir.<br \/>\n\u00c7o\u011fu marketten temin edilebilen mobilya temizleyicileri de kullan\u0131labilir.<br \/>\n\u2022 D\u00f6k\u00fclen s\u0131v\u0131lar yumu\u015fak, hafif nemli bir bezle hemen temizlenmeli; ard\u0131ndan kalan nemi gidermek i\u00e7in yumu\u015fak, kuru bir bez kullan\u0131lmal\u0131d\u0131r.<br \/>\n\u2022 Y\u00fcksek kaliteli, silikonsuz bir mobilya cilas\u0131yla ara s\u0131ra cilalama, ince y\u00fczeylerin<br \/>\ng\u00fczelli\u011fini art\u0131racakt\u0131r. Balmumu cilalar\u0131 \u015fiddetle \u00f6nerilir. Ya\u011fl\u0131 cilalar veya mumlar kullanmaktan ka\u00e7\u0131n\u0131n.<br \/>\n\u2022 Mobilyalar\u0131 temizlerken her zaman tah\u0131l y\u00f6n\u00fcnde silin. Temizleyiciler, cilalar ve toz alma maddeleri kullan\u0131rken her zaman \u00fcreticinin talimatlar\u0131n\u0131 dikkatlice takip etti\u011finizden emin olun<\/p>\n<p>*****<br \/>\nKod &#8220;SW&#8221; Bak\u0131m Y\u00f6ntemi<br \/>\nD\u00f6\u015feme \u015fampuan\u0131, hafif bir deterjan k\u00f6p\u00fc\u011f\u00fc veya hafif kuru temizleme \u00e7\u00f6z\u00fcc\u00fcs\u00fc ile leke temizli\u011fi yap\u0131n. Devam etmeden \u00f6nce k\u00fc\u00e7\u00fck, g\u00f6ze \u00e7arpmayan bir alan\u0131 \u00f6nceden test edin. Doyurmay\u0131n. Y\u0131\u011f\u0131n kuma\u015flar\u0131n g\u00f6r\u00fcn\u00fcm\u00fcn\u00fc eski haline getirmek i\u00e7in metalik olmayan, sert k\u0131ll\u0131 bir f\u0131r\u00e7a ile f\u0131r\u00e7alanmas\u0131 gerekebilir. S\u0131cak su \u00e7\u0131karma veya buharla temizleme \u00f6nerilen bir temizleme y\u00f6ntemi de\u011fildir. Yast\u0131k k\u0131l\u0131flar\u0131 \u00e7\u0131kar\u0131l\u0131p y\u0131kanmamal\u0131 veya kuru temizleme yap\u0131lmamal\u0131d\u0131r. Genel kirlenmeyi \u00f6nlemek i\u00e7in, tozu ve kiri temizlemek i\u00e7in metalik olmayan, sert k\u0131ll\u0131 bir f\u0131r\u00e7a ile s\u0131k s\u0131k vakumlama veya hafif\u00e7e f\u0131r\u00e7alama \u00f6nerilir. Bir d\u00f6k\u00fcnt\u00fcy\u00fc temizlerken, d\u00f6k\u00fclen malzemeyi \u00e7\u0131karmak i\u00e7in hemen kurulay\u0131n. Daire \u00e7izmesini \u00f6nlemek i\u00e7in etkilenen alan\u0131n d\u0131\u015f\u0131ndan ortas\u0131na do\u011fru lekeleri veya kirleri temizleyin. Genel kirlenme durumuna ula\u015f\u0131ld\u0131\u011f\u0131nda profesyonel bir temizlik hizmeti al\u0131n.<\/p>\n<p>D\u0130KKAT: Fermuarlar\u0131 olsa bile, ayr\u0131 kuru temizleme veya y\u0131kama i\u00e7in asla at\u0131lan yast\u0131k veya yast\u0131k k\u0131l\u0131flar\u0131n\u0131 \u00e7\u0131karmay\u0131n. Fermuarlar, \u00fcreticinin yast\u0131\u011f\u0131 yast\u0131k \u00e7ekirde\u011fiyle doldurmas\u0131n\u0131 sa\u011flamak i\u00e7in vard\u0131r. Kuma\u015f\u0131n arka y\u00fczeyini tahrip edebilece\u011fi veya ba\u015fka bir \u015fekilde kuma\u015fa zarar verebilece\u011fi i\u00e7in temizleme i\u015flemini kurutma y\u00f6ntemiyle yapmay\u0131n.<\/p>\n","protected":false},"excerpt":{"rendered":"<p>611ARTF00440 BAST\u0130ON \u00dc\u00c7L\u00dc KOLTUK V\u0130ZON 99x229x90cm 763501-5354FN % 100 POLYESTER Ah\u015fap mobilyalar a\u015f\u0131r\u0131 \u0131s\u0131ya veya neme maruz b\u0131rak\u0131lmamal\u0131d\u0131r, \u00f6rne\u011fin bir \u0131s\u0131 menfezinin veya a\u00e7\u0131k bir pencerenin yan\u0131na yerle\u015ftirilmemelidir. Do\u011frudan g\u00fcne\u015f \u0131\u015f\u0131\u011f\u0131na maruz kalmaktan ka\u00e7\u0131n\u0131lmal\u0131d\u0131r, \u00e7\u00fcnk\u00fc bu kaplamalar\u0131n solmas\u0131na neden olur. \u2022 Baz\u0131 plastik ve kau\u00e7uk bile\u015fiklerdeki kimyasallar, mobilyayla uzun s\u00fcre temas halinde b\u0131rak\u0131l\u0131rsa ah\u015fap kaplamalar\u0131 [&hellip;]<\/p>\n","protected":false},"featured_media":27153,"template":"","meta":[],"product_brand":[],"product_cat":[41],"product_tag":[5916],"class_list":{"0":"post-27129","1":"product","2":"type-product","3":"status-publish","4":"has-post-thumbnail","6":"product_cat-611artf","7":"product_tag-611artf00440","9":"first","10":"instock","11":"taxable","12":"shipping-taxable","13":"product-type-simple"},"_links":{"self":[{"href":"https:\/\/kervanmagazacilik.com\/index.php\/wp-json\/wp\/v2\/product\/27129","targetHints":{"allow":["GET"]}}],"collection":[{"href":"https:\/\/kervanmagazacilik.com\/index.php\/wp-json\/wp\/v2\/product"}],"about":[{"href":"https:\/\/kervanmagazacilik.com\/index.php\/wp-json\/wp\/v2\/types\/product"}],"wp:featuredmedia":[{"embeddable":true,"href":"https:\/\/kervanmagazacilik.com\/index.php\/wp-json\/wp\/v2\/media\/27153"}],"wp:attachment":[{"href":"https:\/\/kervanmagazacilik.com\/index.php\/wp-json\/wp\/v2\/media?parent=27129"}],"wp:term":[{"taxonomy":"product_brand","embeddable":true,"href":"https:\/\/kervanmagazacilik.com\/index.php\/wp-json\/wp\/v2\/product_brand?post=27129"},{"taxonomy":"product_cat","embeddable":true,"href":"https:\/\/kervanmagazacilik.com\/index.php\/wp-json\/wp\/v2\/product_cat?post=27129"},{"taxonomy":"product_tag","embeddable":true,"href":"https:\/\/kervanmagazacilik.com\/index.php\/wp-json\/wp\/v2\/product_tag?post=27129"}],"curies":[{"name":"wp","href":"https:\/\/api.w.org\/{rel}","templated":true}]}}