{"id":26418,"date":"2025-06-03T11:23:26","date_gmt":"2025-06-03T08:23:26","guid":{"rendered":"https:\/\/kervanmagazacilik.com\/?post_type=product&#038;p=26418"},"modified":"2025-06-03T11:23:26","modified_gmt":"2025-06-03T08:23:26","slug":"611db0000070","status":"publish","type":"product","link":"https:\/\/kervanmagazacilik.com\/index.php\/urun\/611db0000070\/","title":{"rendered":"611DB0000070"},"content":{"rendered":"<p>611DB0000070<\/p>\n<p>ASPEN K\u00d6\u015eE KOL.DER\u0130 KAHVE 180x335x77cm S0482-3AR+CL B166 HAWANA BROWN<\/p>\n<p>&nbsp;<\/p>\n","protected":false},"excerpt":{"rendered":"<p>611DB0000070 ASPEN K\u00d6\u015eE KOL.DER\u0130 KAHVE 180x335x77cm S0482-3AR+CL B166 HAWANA BROWN &nbsp;<\/p>\n","protected":false},"featured_media":26419,"template":"","meta":[],"product_brand":[],"product_cat":[144],"product_tag":[5793],"class_list":{"0":"post-26418","1":"product","2":"type-product","3":"status-publish","4":"has-post-thumbnail","6":"product_cat-611db","7":"product_tag-611db0000070","9":"first","10":"instock","11":"taxable","12":"shipping-taxable","13":"product-type-simple"},"_links":{"self":[{"href":"https:\/\/kervanmagazacilik.com\/index.php\/wp-json\/wp\/v2\/product\/26418","targetHints":{"allow":["GET"]}}],"collection":[{"href":"https:\/\/kervanmagazacilik.com\/index.php\/wp-json\/wp\/v2\/product"}],"about":[{"href":"https:\/\/kervanmagazacilik.com\/index.php\/wp-json\/wp\/v2\/types\/product"}],"wp:featuredmedia":[{"embeddable":true,"href":"https:\/\/kervanmagazacilik.com\/index.php\/wp-json\/wp\/v2\/media\/26419"}],"wp:attachment":[{"href":"https:\/\/kervanmagazacilik.com\/index.php\/wp-json\/wp\/v2\/media?parent=26418"}],"wp:term":[{"taxonomy":"product_brand","embeddable":true,"href":"https:\/\/kervanmagazacilik.com\/index.php\/wp-json\/wp\/v2\/product_brand?post=26418"},{"taxonomy":"product_cat","embeddable":true,"href":"https:\/\/kervanmagazacilik.com\/index.php\/wp-json\/wp\/v2\/product_cat?post=26418"},{"taxonomy":"product_tag","embeddable":true,"href":"https:\/\/kervanmagazacilik.com\/index.php\/wp-json\/wp\/v2\/product_tag?post=26418"}],"curies":[{"name":"wp","href":"https:\/\/api.w.org\/{rel}","templated":true}]}}