{"id":25967,"date":"2025-05-16T17:34:52","date_gmt":"2025-05-16T14:34:52","guid":{"rendered":"https:\/\/kervanmagazacilik.com\/?post_type=product&#038;p=25967"},"modified":"2025-05-16T17:34:52","modified_gmt":"2025-05-16T14:34:52","slug":"072hsh000958","status":"publish","type":"product","link":"https:\/\/kervanmagazacilik.com\/index.php\/urun\/072hsh000958\/","title":{"rendered":"072HSH000958"},"content":{"rendered":"<p>072HSH000958<\/p>\n<p>YOR\u0130SS 35X50 KIRLENT K\u0130REM\u0130T<\/p>\n","protected":false},"excerpt":{"rendered":"<p>072HSH000958 YOR\u0130SS 35X50 KIRLENT K\u0130REM\u0130T<\/p>\n","protected":false},"featured_media":25969,"template":"","meta":[],"product_brand":[],"product_cat":[2589],"product_tag":[5723],"class_list":{"0":"post-25967","1":"product","2":"type-product","3":"status-publish","4":"has-post-thumbnail","6":"product_cat-072hsh","7":"product_tag-072hsh000958","9":"first","10":"instock","11":"taxable","12":"shipping-taxable","13":"product-type-simple"},"_links":{"self":[{"href":"https:\/\/kervanmagazacilik.com\/index.php\/wp-json\/wp\/v2\/product\/25967","targetHints":{"allow":["GET"]}}],"collection":[{"href":"https:\/\/kervanmagazacilik.com\/index.php\/wp-json\/wp\/v2\/product"}],"about":[{"href":"https:\/\/kervanmagazacilik.com\/index.php\/wp-json\/wp\/v2\/types\/product"}],"wp:featuredmedia":[{"embeddable":true,"href":"https:\/\/kervanmagazacilik.com\/index.php\/wp-json\/wp\/v2\/media\/25969"}],"wp:attachment":[{"href":"https:\/\/kervanmagazacilik.com\/index.php\/wp-json\/wp\/v2\/media?parent=25967"}],"wp:term":[{"taxonomy":"product_brand","embeddable":true,"href":"https:\/\/kervanmagazacilik.com\/index.php\/wp-json\/wp\/v2\/product_brand?post=25967"},{"taxonomy":"product_cat","embeddable":true,"href":"https:\/\/kervanmagazacilik.com\/index.php\/wp-json\/wp\/v2\/product_cat?post=25967"},{"taxonomy":"product_tag","embeddable":true,"href":"https:\/\/kervanmagazacilik.com\/index.php\/wp-json\/wp\/v2\/product_tag?post=25967"}],"curies":[{"name":"wp","href":"https:\/\/api.w.org\/{rel}","templated":true}]}}