{"id":25708,"date":"2025-05-15T09:02:07","date_gmt":"2025-05-15T06:02:07","guid":{"rendered":"https:\/\/kervanmagazacilik.com\/?post_type=product&#038;p=25708"},"modified":"2025-05-15T09:02:07","modified_gmt":"2025-05-15T06:02:07","slug":"611dnt000039","status":"publish","type":"product","link":"https:\/\/kervanmagazacilik.com\/index.php\/urun\/611dnt000039\/","title":{"rendered":"611DNT000039"},"content":{"rendered":"<p>611DNT000039<\/p>\n<p>ELEGANCE SERV\u0130S ARABASI D\u0130KD\u00d6RTGEN P\u0130R\u0130N\u00c7 ESK\u0130TME (73&#215;50 H:81,5cm)<\/p>\n<p>MATERYAL: METAL + POL\u0130\u00dcRETAN + CAM<br \/>\nRENK: P\u0130R\u0130N\u00c7 ESK\u0130TME<br \/>\nHAF\u0130F NEML\u0130 BEZ \u0130LE TOZ ALINMALIDIR<\/p>\n","protected":false},"excerpt":{"rendered":"<p>611DNT000039 ELEGANCE SERV\u0130S ARABASI D\u0130KD\u00d6RTGEN P\u0130R\u0130N\u00c7 ESK\u0130TME (73&#215;50 H:81,5cm) MATERYAL: METAL + POL\u0130\u00dcRETAN + CAM RENK: P\u0130R\u0130N\u00c7 ESK\u0130TME HAF\u0130F NEML\u0130 BEZ \u0130LE TOZ ALINMALIDIR<\/p>\n","protected":false},"featured_media":25709,"template":"","meta":[],"product_brand":[],"product_cat":[88],"product_tag":[5659],"class_list":{"0":"post-25708","1":"product","2":"type-product","3":"status-publish","4":"has-post-thumbnail","6":"product_cat-611dnt","7":"product_tag-611dnt000039","9":"first","10":"instock","11":"taxable","12":"shipping-taxable","13":"product-type-simple"},"_links":{"self":[{"href":"https:\/\/kervanmagazacilik.com\/index.php\/wp-json\/wp\/v2\/product\/25708","targetHints":{"allow":["GET"]}}],"collection":[{"href":"https:\/\/kervanmagazacilik.com\/index.php\/wp-json\/wp\/v2\/product"}],"about":[{"href":"https:\/\/kervanmagazacilik.com\/index.php\/wp-json\/wp\/v2\/types\/product"}],"wp:featuredmedia":[{"embeddable":true,"href":"https:\/\/kervanmagazacilik.com\/index.php\/wp-json\/wp\/v2\/media\/25709"}],"wp:attachment":[{"href":"https:\/\/kervanmagazacilik.com\/index.php\/wp-json\/wp\/v2\/media?parent=25708"}],"wp:term":[{"taxonomy":"product_brand","embeddable":true,"href":"https:\/\/kervanmagazacilik.com\/index.php\/wp-json\/wp\/v2\/product_brand?post=25708"},{"taxonomy":"product_cat","embeddable":true,"href":"https:\/\/kervanmagazacilik.com\/index.php\/wp-json\/wp\/v2\/product_cat?post=25708"},{"taxonomy":"product_tag","embeddable":true,"href":"https:\/\/kervanmagazacilik.com\/index.php\/wp-json\/wp\/v2\/product_tag?post=25708"}],"curies":[{"name":"wp","href":"https:\/\/api.w.org\/{rel}","templated":true}]}}