{"id":25076,"date":"2025-04-30T14:38:21","date_gmt":"2025-04-30T11:38:21","guid":{"rendered":"https:\/\/kervanmagazacilik.com\/?post_type=product&#038;p=25076"},"modified":"2025-04-30T14:38:21","modified_gmt":"2025-04-30T11:38:21","slug":"759ova000056","status":"publish","type":"product","link":"https:\/\/kervanmagazacilik.com\/index.php\/urun\/759ova000056\/","title":{"rendered":"759OVA000056"},"content":{"rendered":"<p>759OVA000056<\/p>\n<p>LAVENDER BANYO SET\u0130 4 PR\u00c7. (SPT-322)<\/p>\n<p>MALZEME: PLAST\u0130K+CAM \u0130\u00c7ER\u0130K; ALT SEPET(9X27X4 CM), SIVI SABUNLUK (CAM), D\u0130\u015e FIR\u00c7ALIK(CAM), PAMUKLUK(CAM) HAF\u0130F NEML\u0130 BEZ \u0130LE TOZ ALINMALIDIR<\/p>\n","protected":false},"excerpt":{"rendered":"<p>759OVA000056 LAVENDER BANYO SET\u0130 4 PR\u00c7. (SPT-322) MALZEME: PLAST\u0130K+CAM \u0130\u00c7ER\u0130K; ALT SEPET(9X27X4 CM), SIVI SABUNLUK (CAM), D\u0130\u015e FIR\u00c7ALIK(CAM), PAMUKLUK(CAM) HAF\u0130F NEML\u0130 BEZ \u0130LE TOZ ALINMALIDIR<\/p>\n","protected":false},"featured_media":25077,"template":"","meta":[],"product_brand":[],"product_cat":[28],"product_tag":[5545],"class_list":{"0":"post-25076","1":"product","2":"type-product","3":"status-publish","4":"has-post-thumbnail","6":"product_cat-genel","7":"product_tag-759ova000056","9":"first","10":"instock","11":"taxable","12":"shipping-taxable","13":"product-type-simple"},"_links":{"self":[{"href":"https:\/\/kervanmagazacilik.com\/index.php\/wp-json\/wp\/v2\/product\/25076","targetHints":{"allow":["GET"]}}],"collection":[{"href":"https:\/\/kervanmagazacilik.com\/index.php\/wp-json\/wp\/v2\/product"}],"about":[{"href":"https:\/\/kervanmagazacilik.com\/index.php\/wp-json\/wp\/v2\/types\/product"}],"wp:featuredmedia":[{"embeddable":true,"href":"https:\/\/kervanmagazacilik.com\/index.php\/wp-json\/wp\/v2\/media\/25077"}],"wp:attachment":[{"href":"https:\/\/kervanmagazacilik.com\/index.php\/wp-json\/wp\/v2\/media?parent=25076"}],"wp:term":[{"taxonomy":"product_brand","embeddable":true,"href":"https:\/\/kervanmagazacilik.com\/index.php\/wp-json\/wp\/v2\/product_brand?post=25076"},{"taxonomy":"product_cat","embeddable":true,"href":"https:\/\/kervanmagazacilik.com\/index.php\/wp-json\/wp\/v2\/product_cat?post=25076"},{"taxonomy":"product_tag","embeddable":true,"href":"https:\/\/kervanmagazacilik.com\/index.php\/wp-json\/wp\/v2\/product_tag?post=25076"}],"curies":[{"name":"wp","href":"https:\/\/api.w.org\/{rel}","templated":true}]}}