{"id":23762,"date":"2025-04-08T10:19:16","date_gmt":"2025-04-08T07:19:16","guid":{"rendered":"https:\/\/kervanmagazacilik.com\/?post_type=product&#038;p=23762"},"modified":"2025-04-08T10:19:16","modified_gmt":"2025-04-08T07:19:16","slug":"900tng000057","status":"publish","type":"product","link":"https:\/\/kervanmagazacilik.com\/index.php\/urun\/900tng000057\/","title":{"rendered":"900TNG000057"},"content":{"rendered":"<p>900TNG000057<\/p>\n<p>TH218113 3 K\u00d6K FICUS YAPAY A\u011eA\u00c7 235CM(759TUF000085)<\/p>\n<p>&nbsp;<\/p>\n","protected":false},"excerpt":{"rendered":"<p>900TNG000057 TH218113 3 K\u00d6K FICUS YAPAY A\u011eA\u00c7 235CM(759TUF000085) &nbsp;<\/p>\n","protected":false},"featured_media":23763,"template":"","meta":[],"product_brand":[],"product_cat":[288],"product_tag":[5377],"class_list":{"0":"post-23762","1":"product","2":"type-product","3":"status-publish","4":"has-post-thumbnail","6":"product_cat-900sng","7":"product_tag-900tng000057","9":"first","10":"instock","11":"taxable","12":"shipping-taxable","13":"product-type-simple"},"_links":{"self":[{"href":"https:\/\/kervanmagazacilik.com\/index.php\/wp-json\/wp\/v2\/product\/23762","targetHints":{"allow":["GET"]}}],"collection":[{"href":"https:\/\/kervanmagazacilik.com\/index.php\/wp-json\/wp\/v2\/product"}],"about":[{"href":"https:\/\/kervanmagazacilik.com\/index.php\/wp-json\/wp\/v2\/types\/product"}],"wp:featuredmedia":[{"embeddable":true,"href":"https:\/\/kervanmagazacilik.com\/index.php\/wp-json\/wp\/v2\/media\/23763"}],"wp:attachment":[{"href":"https:\/\/kervanmagazacilik.com\/index.php\/wp-json\/wp\/v2\/media?parent=23762"}],"wp:term":[{"taxonomy":"product_brand","embeddable":true,"href":"https:\/\/kervanmagazacilik.com\/index.php\/wp-json\/wp\/v2\/product_brand?post=23762"},{"taxonomy":"product_cat","embeddable":true,"href":"https:\/\/kervanmagazacilik.com\/index.php\/wp-json\/wp\/v2\/product_cat?post=23762"},{"taxonomy":"product_tag","embeddable":true,"href":"https:\/\/kervanmagazacilik.com\/index.php\/wp-json\/wp\/v2\/product_tag?post=23762"}],"curies":[{"name":"wp","href":"https:\/\/api.w.org\/{rel}","templated":true}]}}