{"id":23749,"date":"2025-04-08T10:06:04","date_gmt":"2025-04-08T07:06:04","guid":{"rendered":"https:\/\/kervanmagazacilik.com\/?post_type=product&#038;p=23749"},"modified":"2025-04-08T10:06:05","modified_gmt":"2025-04-08T07:06:05","slug":"900tng000044","status":"publish","type":"product","link":"https:\/\/kervanmagazacilik.com\/index.php\/urun\/900tng000044\/","title":{"rendered":"900TNG000044"},"content":{"rendered":"<p>900TNG000044<\/p>\n<p>TH008573-A 1 \u00c7\u0130\u00c7EKL\u0130 STARL\u0130\u00c7E YAPAY A\u011eA\u00c7 165CM(759TUF000075)<\/p>\n<p>&nbsp;<\/p>\n","protected":false},"excerpt":{"rendered":"<p>900TNG000044 TH008573-A 1 \u00c7\u0130\u00c7EKL\u0130 STARL\u0130\u00c7E YAPAY A\u011eA\u00c7 165CM(759TUF000075) &nbsp;<\/p>\n","protected":false},"featured_media":23750,"template":"","meta":[],"product_brand":[],"product_cat":[288],"product_tag":[5371],"class_list":{"0":"post-23749","1":"product","2":"type-product","3":"status-publish","4":"has-post-thumbnail","6":"product_cat-900sng","7":"product_tag-900tng000044","9":"first","10":"instock","11":"taxable","12":"shipping-taxable","13":"product-type-simple"},"_links":{"self":[{"href":"https:\/\/kervanmagazacilik.com\/index.php\/wp-json\/wp\/v2\/product\/23749","targetHints":{"allow":["GET"]}}],"collection":[{"href":"https:\/\/kervanmagazacilik.com\/index.php\/wp-json\/wp\/v2\/product"}],"about":[{"href":"https:\/\/kervanmagazacilik.com\/index.php\/wp-json\/wp\/v2\/types\/product"}],"wp:featuredmedia":[{"embeddable":true,"href":"https:\/\/kervanmagazacilik.com\/index.php\/wp-json\/wp\/v2\/media\/23750"}],"wp:attachment":[{"href":"https:\/\/kervanmagazacilik.com\/index.php\/wp-json\/wp\/v2\/media?parent=23749"}],"wp:term":[{"taxonomy":"product_brand","embeddable":true,"href":"https:\/\/kervanmagazacilik.com\/index.php\/wp-json\/wp\/v2\/product_brand?post=23749"},{"taxonomy":"product_cat","embeddable":true,"href":"https:\/\/kervanmagazacilik.com\/index.php\/wp-json\/wp\/v2\/product_cat?post=23749"},{"taxonomy":"product_tag","embeddable":true,"href":"https:\/\/kervanmagazacilik.com\/index.php\/wp-json\/wp\/v2\/product_tag?post=23749"}],"curies":[{"name":"wp","href":"https:\/\/api.w.org\/{rel}","templated":true}]}}