{"id":2342,"date":"2024-08-23T17:28:22","date_gmt":"2024-08-23T14:28:22","guid":{"rendered":"https:\/\/kervanmagazacilik.com\/?post_type=product&#038;p=2342"},"modified":"2024-08-23T17:28:22","modified_gmt":"2024-08-23T14:28:22","slug":"611mut000013","status":"publish","type":"product","link":"https:\/\/kervanmagazacilik.com\/index.php\/urun\/611mut000013\/","title":{"rendered":"611MUT000013"},"content":{"rendered":"<p>611MUT000013<\/p>\n<p>ZEN TV \u00dcN\u0130TE RAF ZEN-TV MTO2\/M<\/p>\n<p>MAS\u0130F ME\u015eE ANTRAS\u0130T MAT LAKE<br \/>\nRAF<\/p>\n","protected":false},"excerpt":{"rendered":"<p>611MUT000013 ZEN TV \u00dcN\u0130TE RAF ZEN-TV MTO2\/M MAS\u0130F ME\u015eE ANTRAS\u0130T MAT LAKE RAF<\/p>\n","protected":false},"featured_media":2344,"template":"","meta":[],"product_brand":[],"product_cat":[81],"product_tag":[686],"class_list":{"0":"post-2342","1":"product","2":"type-product","3":"status-publish","4":"has-post-thumbnail","6":"product_cat-611mut","7":"product_tag-611mut000013","9":"first","10":"instock","11":"taxable","12":"shipping-taxable","13":"product-type-simple"},"_links":{"self":[{"href":"https:\/\/kervanmagazacilik.com\/index.php\/wp-json\/wp\/v2\/product\/2342","targetHints":{"allow":["GET"]}}],"collection":[{"href":"https:\/\/kervanmagazacilik.com\/index.php\/wp-json\/wp\/v2\/product"}],"about":[{"href":"https:\/\/kervanmagazacilik.com\/index.php\/wp-json\/wp\/v2\/types\/product"}],"wp:featuredmedia":[{"embeddable":true,"href":"https:\/\/kervanmagazacilik.com\/index.php\/wp-json\/wp\/v2\/media\/2344"}],"wp:attachment":[{"href":"https:\/\/kervanmagazacilik.com\/index.php\/wp-json\/wp\/v2\/media?parent=2342"}],"wp:term":[{"taxonomy":"product_brand","embeddable":true,"href":"https:\/\/kervanmagazacilik.com\/index.php\/wp-json\/wp\/v2\/product_brand?post=2342"},{"taxonomy":"product_cat","embeddable":true,"href":"https:\/\/kervanmagazacilik.com\/index.php\/wp-json\/wp\/v2\/product_cat?post=2342"},{"taxonomy":"product_tag","embeddable":true,"href":"https:\/\/kervanmagazacilik.com\/index.php\/wp-json\/wp\/v2\/product_tag?post=2342"}],"curies":[{"name":"wp","href":"https:\/\/api.w.org\/{rel}","templated":true}]}}