{"id":2289,"date":"2024-08-23T16:48:41","date_gmt":"2024-08-23T13:48:41","guid":{"rendered":"https:\/\/kervanmagazacilik.com\/?post_type=product&#038;p=2289"},"modified":"2024-08-23T16:48:41","modified_gmt":"2024-08-23T13:48:41","slug":"611mut000028","status":"publish","type":"product","link":"https:\/\/kervanmagazacilik.com\/index.php\/urun\/611mut000028\/","title":{"rendered":"611MUT000028"},"content":{"rendered":"<p>611MUT000028<\/p>\n<p>LORA SANDALYE<\/p>\n<p>55x45x85cm LORA-SL MSL\/04<\/p>\n<p>MAS\u0130F ME\u015eE RENK<br \/>\nKAYIN AH\u015eAP<\/p>\n","protected":false},"excerpt":{"rendered":"<p>611MUT000028 LORA SANDALYE 55x45x85cm LORA-SL MSL\/04 MAS\u0130F ME\u015eE RENK KAYIN AH\u015eAP<\/p>\n","protected":false},"featured_media":2291,"template":"","meta":[],"product_brand":[],"product_cat":[81],"product_tag":[672],"class_list":{"0":"post-2289","1":"product","2":"type-product","3":"status-publish","4":"has-post-thumbnail","6":"product_cat-611mut","7":"product_tag-611mut000028","9":"first","10":"instock","11":"taxable","12":"shipping-taxable","13":"product-type-simple"},"_links":{"self":[{"href":"https:\/\/kervanmagazacilik.com\/index.php\/wp-json\/wp\/v2\/product\/2289","targetHints":{"allow":["GET"]}}],"collection":[{"href":"https:\/\/kervanmagazacilik.com\/index.php\/wp-json\/wp\/v2\/product"}],"about":[{"href":"https:\/\/kervanmagazacilik.com\/index.php\/wp-json\/wp\/v2\/types\/product"}],"wp:featuredmedia":[{"embeddable":true,"href":"https:\/\/kervanmagazacilik.com\/index.php\/wp-json\/wp\/v2\/media\/2291"}],"wp:attachment":[{"href":"https:\/\/kervanmagazacilik.com\/index.php\/wp-json\/wp\/v2\/media?parent=2289"}],"wp:term":[{"taxonomy":"product_brand","embeddable":true,"href":"https:\/\/kervanmagazacilik.com\/index.php\/wp-json\/wp\/v2\/product_brand?post=2289"},{"taxonomy":"product_cat","embeddable":true,"href":"https:\/\/kervanmagazacilik.com\/index.php\/wp-json\/wp\/v2\/product_cat?post=2289"},{"taxonomy":"product_tag","embeddable":true,"href":"https:\/\/kervanmagazacilik.com\/index.php\/wp-json\/wp\/v2\/product_tag?post=2289"}],"curies":[{"name":"wp","href":"https:\/\/api.w.org\/{rel}","templated":true}]}}