{"id":22315,"date":"2025-01-13T12:48:42","date_gmt":"2025-01-13T09:48:42","guid":{"rendered":"https:\/\/kervanmagazacilik.com\/?post_type=product&#038;p=22315"},"modified":"2025-01-13T12:48:44","modified_gmt":"2025-01-13T09:48:44","slug":"759jnh000019","status":"publish","type":"product","link":"https:\/\/kervanmagazacilik.com\/index.php\/urun\/759jnh000019\/","title":{"rendered":"759JNH000019"},"content":{"rendered":"<p>759JNH000019<\/p>\n<p>DGP-07131JH25\/AH SURAHI ( 1700ML) 6 BARDAK (165ML)- YE\u015e\u0130L<\/p>\n<p>ELDE YUMU\u015eAK S\u00dcNGERLE YIKAMAYA UYGUNDUR.<\/p>\n","protected":false},"excerpt":{"rendered":"<p>759JNH000019 DGP-07131JH25\/AH SURAHI ( 1700ML) 6 BARDAK (165ML)- YE\u015e\u0130L ELDE YUMU\u015eAK S\u00dcNGERLE YIKAMAYA UYGUNDUR.<\/p>\n","protected":false},"featured_media":22316,"template":"","meta":[],"product_brand":[],"product_cat":[5000],"product_tag":[5040],"class_list":{"0":"post-22315","1":"product","2":"type-product","3":"status-publish","4":"has-post-thumbnail","6":"product_cat-759jhn","7":"product_tag-759jnh000019","9":"first","10":"instock","11":"taxable","12":"shipping-taxable","13":"product-type-simple"},"_links":{"self":[{"href":"https:\/\/kervanmagazacilik.com\/index.php\/wp-json\/wp\/v2\/product\/22315","targetHints":{"allow":["GET"]}}],"collection":[{"href":"https:\/\/kervanmagazacilik.com\/index.php\/wp-json\/wp\/v2\/product"}],"about":[{"href":"https:\/\/kervanmagazacilik.com\/index.php\/wp-json\/wp\/v2\/types\/product"}],"wp:featuredmedia":[{"embeddable":true,"href":"https:\/\/kervanmagazacilik.com\/index.php\/wp-json\/wp\/v2\/media\/22316"}],"wp:attachment":[{"href":"https:\/\/kervanmagazacilik.com\/index.php\/wp-json\/wp\/v2\/media?parent=22315"}],"wp:term":[{"taxonomy":"product_brand","embeddable":true,"href":"https:\/\/kervanmagazacilik.com\/index.php\/wp-json\/wp\/v2\/product_brand?post=22315"},{"taxonomy":"product_cat","embeddable":true,"href":"https:\/\/kervanmagazacilik.com\/index.php\/wp-json\/wp\/v2\/product_cat?post=22315"},{"taxonomy":"product_tag","embeddable":true,"href":"https:\/\/kervanmagazacilik.com\/index.php\/wp-json\/wp\/v2\/product_tag?post=22315"}],"curies":[{"name":"wp","href":"https:\/\/api.w.org\/{rel}","templated":true}]}}