{"id":21996,"date":"2025-01-02T09:51:12","date_gmt":"2025-01-02T06:51:12","guid":{"rendered":"https:\/\/kervanmagazacilik.com\/?post_type=product&#038;p=21996"},"modified":"2025-01-02T09:51:14","modified_gmt":"2025-01-02T06:51:14","slug":"759npt000037","status":"publish","type":"product","link":"https:\/\/kervanmagazacilik.com\/index.php\/urun\/759npt000037\/","title":{"rendered":"759NPT000037"},"content":{"rendered":"<p>759NPT000037<\/p>\n<p>\u0130NC\u0130 TANEL\u0130 MUM TOZU 400 CC<\/p>\n<p>Plastik \u015fi\u015fede g\u00f6nderilecektir. Taneli yap\u0131s\u0131 sebebiyle \u00e7ocuklar\u0131n eri\u015febilece\u011fi yerlerden uzak tutunuz. G\u00f6zetiminiz alt\u0131nda yak\u0131n\u0131z. \u0130\u00e7ine koyaca\u011f\u0131n\u0131z kaba bir miktar d\u00f6k\u00fcn\u00fcz.\u0130\u00e7inde fitil g\u00f6nderilmektedir. Fitilin 4\/1 d\u0131\u015far\u0131da kalacak \u015fekilde yerle\u015ftirin.Bu fitilleri yakaca\u011f\u0131n\u0131z kab\u0131n boyutuna g\u00f6re keserek kullanabilirsiniz. Herhangi bir \u015fekilde d\u00f6k\u00fcld\u00fc\u011f\u00fcnde kendisi s\u00f6nmektedir.<\/p>\n","protected":false},"excerpt":{"rendered":"<p>759NPT000037 \u0130NC\u0130 TANEL\u0130 MUM TOZU 400 CC Plastik \u015fi\u015fede g\u00f6nderilecektir. Taneli yap\u0131s\u0131 sebebiyle \u00e7ocuklar\u0131n eri\u015febilece\u011fi yerlerden uzak tutunuz. G\u00f6zetiminiz alt\u0131nda yak\u0131n\u0131z. \u0130\u00e7ine koyaca\u011f\u0131n\u0131z kaba bir miktar d\u00f6k\u00fcn\u00fcz.\u0130\u00e7inde fitil g\u00f6nderilmektedir. Fitilin 4\/1 d\u0131\u015far\u0131da kalacak \u015fekilde yerle\u015ftirin.Bu fitilleri yakaca\u011f\u0131n\u0131z kab\u0131n boyutuna g\u00f6re keserek kullanabilirsiniz. Herhangi bir \u015fekilde d\u00f6k\u00fcld\u00fc\u011f\u00fcnde kendisi s\u00f6nmektedir.<\/p>\n","protected":false},"featured_media":21998,"template":"","meta":[],"product_brand":[],"product_cat":[4407],"product_tag":[4990],"class_list":{"0":"post-21996","1":"product","2":"type-product","3":"status-publish","4":"has-post-thumbnail","6":"product_cat-759npt","7":"product_tag-759npt000037","9":"first","10":"instock","11":"taxable","12":"shipping-taxable","13":"product-type-simple"},"_links":{"self":[{"href":"https:\/\/kervanmagazacilik.com\/index.php\/wp-json\/wp\/v2\/product\/21996","targetHints":{"allow":["GET"]}}],"collection":[{"href":"https:\/\/kervanmagazacilik.com\/index.php\/wp-json\/wp\/v2\/product"}],"about":[{"href":"https:\/\/kervanmagazacilik.com\/index.php\/wp-json\/wp\/v2\/types\/product"}],"wp:featuredmedia":[{"embeddable":true,"href":"https:\/\/kervanmagazacilik.com\/index.php\/wp-json\/wp\/v2\/media\/21998"}],"wp:attachment":[{"href":"https:\/\/kervanmagazacilik.com\/index.php\/wp-json\/wp\/v2\/media?parent=21996"}],"wp:term":[{"taxonomy":"product_brand","embeddable":true,"href":"https:\/\/kervanmagazacilik.com\/index.php\/wp-json\/wp\/v2\/product_brand?post=21996"},{"taxonomy":"product_cat","embeddable":true,"href":"https:\/\/kervanmagazacilik.com\/index.php\/wp-json\/wp\/v2\/product_cat?post=21996"},{"taxonomy":"product_tag","embeddable":true,"href":"https:\/\/kervanmagazacilik.com\/index.php\/wp-json\/wp\/v2\/product_tag?post=21996"}],"curies":[{"name":"wp","href":"https:\/\/api.w.org\/{rel}","templated":true}]}}