{"id":21981,"date":"2025-01-02T09:17:21","date_gmt":"2025-01-02T06:17:21","guid":{"rendered":"https:\/\/kervanmagazacilik.com\/?post_type=product&#038;p=21981"},"modified":"2025-01-02T09:17:23","modified_gmt":"2025-01-02T06:17:23","slug":"759npt000032","status":"publish","type":"product","link":"https:\/\/kervanmagazacilik.com\/index.php\/urun\/759npt000032\/","title":{"rendered":"759NPT000032"},"content":{"rendered":"<p>759NPT000032<\/p>\n<p>CLEAN CRIPS 250 CC YEDEK KOKU SOL\u00dcSYONU<\/p>\n<p>\u00dcst notalar: Okyanus, \u015eeftali, Elma<br \/>\nOrta notalar: G\u00fcl, Yasemin, Leylak<br \/>\nTemel notalar: Sandal A\u011fac\u0131, K\u00f6knar, Kedi otu Plastik \u015feffaf \u015fi\u015fedir. Kapa\u011f\u0131n\u0131 a\u00e7\u0131p, oda kokusu \u015fi\u015fenizin i\u00e7ine bo\u015falt\u0131n\u0131z. Daha \u00f6nceden kullanm\u0131\u015f oldu\u011funuz oda kokusu \u015fi\u015fesinin veya vazo, cam benzeri \u00fcr\u00fcnlerin diff\u00fcser olarak kullan\u0131lmas\u0131n\u0131 sa\u011flamak amac\u0131yla d\u00fc\u015f\u00fcn\u00fclm\u00fc\u015ft\u00fcr. Bu yedek esans\u0131 kulland\u0131\u011f\u0131n\u0131zda, daha \u00f6nce kullanm\u0131\u015f oldu\u011funuz bambu kam\u0131\u015f veya yedek ta\u015flar\u0131n yenilenmesini \u00f6neririz.<\/p>\n","protected":false},"excerpt":{"rendered":"<p>759NPT000032 CLEAN CRIPS 250 CC YEDEK KOKU SOL\u00dcSYONU \u00dcst notalar: Okyanus, \u015eeftali, Elma Orta notalar: G\u00fcl, Yasemin, Leylak Temel notalar: Sandal A\u011fac\u0131, K\u00f6knar, Kedi otu Plastik \u015feffaf \u015fi\u015fedir. Kapa\u011f\u0131n\u0131 a\u00e7\u0131p, oda kokusu \u015fi\u015fenizin i\u00e7ine bo\u015falt\u0131n\u0131z. Daha \u00f6nceden kullanm\u0131\u015f oldu\u011funuz oda kokusu \u015fi\u015fesinin veya vazo, cam benzeri \u00fcr\u00fcnlerin diff\u00fcser olarak kullan\u0131lmas\u0131n\u0131 sa\u011flamak amac\u0131yla d\u00fc\u015f\u00fcn\u00fclm\u00fc\u015ft\u00fcr. Bu yedek [&hellip;]<\/p>\n","protected":false},"featured_media":21984,"template":"","meta":[],"product_brand":[],"product_cat":[4407],"product_tag":[4986],"class_list":{"0":"post-21981","1":"product","2":"type-product","3":"status-publish","4":"has-post-thumbnail","6":"product_cat-759npt","7":"product_tag-759npt000032","9":"first","10":"instock","11":"taxable","12":"shipping-taxable","13":"product-type-simple"},"_links":{"self":[{"href":"https:\/\/kervanmagazacilik.com\/index.php\/wp-json\/wp\/v2\/product\/21981","targetHints":{"allow":["GET"]}}],"collection":[{"href":"https:\/\/kervanmagazacilik.com\/index.php\/wp-json\/wp\/v2\/product"}],"about":[{"href":"https:\/\/kervanmagazacilik.com\/index.php\/wp-json\/wp\/v2\/types\/product"}],"wp:featuredmedia":[{"embeddable":true,"href":"https:\/\/kervanmagazacilik.com\/index.php\/wp-json\/wp\/v2\/media\/21984"}],"wp:attachment":[{"href":"https:\/\/kervanmagazacilik.com\/index.php\/wp-json\/wp\/v2\/media?parent=21981"}],"wp:term":[{"taxonomy":"product_brand","embeddable":true,"href":"https:\/\/kervanmagazacilik.com\/index.php\/wp-json\/wp\/v2\/product_brand?post=21981"},{"taxonomy":"product_cat","embeddable":true,"href":"https:\/\/kervanmagazacilik.com\/index.php\/wp-json\/wp\/v2\/product_cat?post=21981"},{"taxonomy":"product_tag","embeddable":true,"href":"https:\/\/kervanmagazacilik.com\/index.php\/wp-json\/wp\/v2\/product_tag?post=21981"}],"curies":[{"name":"wp","href":"https:\/\/api.w.org\/{rel}","templated":true}]}}