{"id":21391,"date":"2024-12-22T17:25:48","date_gmt":"2024-12-22T14:25:48","guid":{"rendered":"https:\/\/kervanmagazacilik.com\/?post_type=product&#038;p=21391"},"modified":"2024-12-22T17:25:50","modified_gmt":"2024-12-22T14:25:50","slug":"759hua000004","status":"publish","type":"product","link":"https:\/\/kervanmagazacilik.com\/index.php\/urun\/759hua000004\/","title":{"rendered":"759HUA000004"},"content":{"rendered":"<p>759HUA000004<\/p>\n<p>ZT-2338 BANYO SET 5&#8217;L\u0130 (SIVI SABUNLUK-D\u0130\u015e FIR\u00c7ALIK-PAMUKLUK-TEPS\u0130-DEKORAT\u0130F \u015e\u0130\u015eE)<\/p>\n<p>&nbsp;<\/p>\n","protected":false},"excerpt":{"rendered":"<p>759HUA000004 ZT-2338 BANYO SET 5&#8217;L\u0130 (SIVI SABUNLUK-D\u0130\u015e FIR\u00c7ALIK-PAMUKLUK-TEPS\u0130-DEKORAT\u0130F \u015e\u0130\u015eE) &nbsp;<\/p>\n","protected":false},"featured_media":21392,"template":"","meta":[],"product_brand":[],"product_cat":[227],"product_tag":[4868],"class_list":{"0":"post-21391","1":"product","2":"type-product","3":"status-publish","4":"has-post-thumbnail","6":"product_cat-759hua","7":"product_tag-759hua000004","9":"first","10":"instock","11":"taxable","12":"shipping-taxable","13":"product-type-simple"},"_links":{"self":[{"href":"https:\/\/kervanmagazacilik.com\/index.php\/wp-json\/wp\/v2\/product\/21391","targetHints":{"allow":["GET"]}}],"collection":[{"href":"https:\/\/kervanmagazacilik.com\/index.php\/wp-json\/wp\/v2\/product"}],"about":[{"href":"https:\/\/kervanmagazacilik.com\/index.php\/wp-json\/wp\/v2\/types\/product"}],"wp:featuredmedia":[{"embeddable":true,"href":"https:\/\/kervanmagazacilik.com\/index.php\/wp-json\/wp\/v2\/media\/21392"}],"wp:attachment":[{"href":"https:\/\/kervanmagazacilik.com\/index.php\/wp-json\/wp\/v2\/media?parent=21391"}],"wp:term":[{"taxonomy":"product_brand","embeddable":true,"href":"https:\/\/kervanmagazacilik.com\/index.php\/wp-json\/wp\/v2\/product_brand?post=21391"},{"taxonomy":"product_cat","embeddable":true,"href":"https:\/\/kervanmagazacilik.com\/index.php\/wp-json\/wp\/v2\/product_cat?post=21391"},{"taxonomy":"product_tag","embeddable":true,"href":"https:\/\/kervanmagazacilik.com\/index.php\/wp-json\/wp\/v2\/product_tag?post=21391"}],"curies":[{"name":"wp","href":"https:\/\/api.w.org\/{rel}","templated":true}]}}