{"id":21056,"date":"2024-12-21T16:18:52","date_gmt":"2024-12-21T13:18:52","guid":{"rendered":"https:\/\/kervanmagazacilik.com\/?post_type=product&#038;p=21056"},"modified":"2024-12-21T16:18:52","modified_gmt":"2024-12-21T13:18:52","slug":"759img200056","status":"publish","type":"product","link":"https:\/\/kervanmagazacilik.com\/index.php\/urun\/759img200056\/","title":{"rendered":"759IMG200056"},"content":{"rendered":"<p>759IMG200056<\/p>\n<p>16954 DEKORAT\u0130F TAVUS KU\u015eU 16x31x18cm<\/p>\n<p>Hem kaplaman\u0131n kalkmamas\u0131 hemde \u00fcr\u00fcnlerin \u00e7izilmemesi i\u00e7in yumu\u015fak bez ile ovu\u015fturmadan toz al\u0131nmas\u0131 gerekir .Y\u0131kanmak zorunda kal\u0131n\u0131r ise kimyasal i\u00e7ermeyen deterjan ile elde y\u0131kand\u0131ktan sonra \u00e7ok iyi kurulanmal\u0131d\u0131r \u0130yi kurulanmayan \u00fcr\u00fcnler zamanla oksitlenme yapabilir<\/p>\n","protected":false},"excerpt":{"rendered":"<p>759IMG200056 16954 DEKORAT\u0130F TAVUS KU\u015eU 16x31x18cm Hem kaplaman\u0131n kalkmamas\u0131 hemde \u00fcr\u00fcnlerin \u00e7izilmemesi i\u00e7in yumu\u015fak bez ile ovu\u015fturmadan toz al\u0131nmas\u0131 gerekir .Y\u0131kanmak zorunda kal\u0131n\u0131r ise kimyasal i\u00e7ermeyen deterjan ile elde y\u0131kand\u0131ktan sonra \u00e7ok iyi kurulanmal\u0131d\u0131r \u0130yi kurulanmayan \u00fcr\u00fcnler zamanla oksitlenme yapabilir<\/p>\n","protected":false},"featured_media":21057,"template":"","meta":[],"product_brand":[],"product_cat":[231,28],"product_tag":[4792],"class_list":{"0":"post-21056","1":"product","2":"type-product","3":"status-publish","4":"has-post-thumbnail","6":"product_cat-759img2","7":"product_cat-genel","8":"product_tag-759img200056","10":"first","11":"instock","12":"taxable","13":"shipping-taxable","14":"product-type-simple"},"_links":{"self":[{"href":"https:\/\/kervanmagazacilik.com\/index.php\/wp-json\/wp\/v2\/product\/21056","targetHints":{"allow":["GET"]}}],"collection":[{"href":"https:\/\/kervanmagazacilik.com\/index.php\/wp-json\/wp\/v2\/product"}],"about":[{"href":"https:\/\/kervanmagazacilik.com\/index.php\/wp-json\/wp\/v2\/types\/product"}],"wp:featuredmedia":[{"embeddable":true,"href":"https:\/\/kervanmagazacilik.com\/index.php\/wp-json\/wp\/v2\/media\/21057"}],"wp:attachment":[{"href":"https:\/\/kervanmagazacilik.com\/index.php\/wp-json\/wp\/v2\/media?parent=21056"}],"wp:term":[{"taxonomy":"product_brand","embeddable":true,"href":"https:\/\/kervanmagazacilik.com\/index.php\/wp-json\/wp\/v2\/product_brand?post=21056"},{"taxonomy":"product_cat","embeddable":true,"href":"https:\/\/kervanmagazacilik.com\/index.php\/wp-json\/wp\/v2\/product_cat?post=21056"},{"taxonomy":"product_tag","embeddable":true,"href":"https:\/\/kervanmagazacilik.com\/index.php\/wp-json\/wp\/v2\/product_tag?post=21056"}],"curies":[{"name":"wp","href":"https:\/\/api.w.org\/{rel}","templated":true}]}}