{"id":20618,"date":"2024-12-19T09:23:05","date_gmt":"2024-12-19T06:23:05","guid":{"rendered":"https:\/\/kervanmagazacilik.com\/?post_type=product&#038;p=20618"},"modified":"2024-12-19T09:23:06","modified_gmt":"2024-12-19T06:23:06","slug":"611gp0000011","status":"publish","type":"product","link":"https:\/\/kervanmagazacilik.com\/index.php\/urun\/611gp0000011\/","title":{"rendered":"611GP0000011"},"content":{"rendered":"<p>611GP0000011<\/p>\n<p>V\u0130ANO PUF KAHVERENG\u0130 90x90x34cm FS235012_NC<\/p>\n<p>100% Polyester<\/p>\n<p>Mobilya temizli\u011finde kullan\u0131lan profesyonel temizlik ara\u00e7 ve gere\u00e7leri ile d\u00fczenli temizlik yap\u0131lmal\u0131d\u0131r. Bu i\u015flem y\u00fczeyi temiz tutmak ile birlikte zaman i\u00e7erisinde uygulanan bask\u0131lar sonucunda olu\u015fabilecek \u00e7\u00f6kme s\u00fcresini uzatacakt\u0131r. Su, \u015farap, kola, kahve, asitli turun\u00e7giller, kola vb. \u00fcr\u00fcnlerin d\u00f6k\u00fclmesi durumunda kuma\u015f y\u00fczeyini derhal hafif nemli bir bez yard\u0131m\u0131yla temizleyip kurulay\u0131n\u0131z. Temizlik s\u0131ras\u0131nda g\u00fc\u00e7l\u00fc kimyasallar kullanmay\u0131n\u0131z.<\/p>\n","protected":false},"excerpt":{"rendered":"<p>611GP0000011 V\u0130ANO PUF KAHVERENG\u0130 90x90x34cm FS235012_NC 100% Polyester Mobilya temizli\u011finde kullan\u0131lan profesyonel temizlik ara\u00e7 ve gere\u00e7leri ile d\u00fczenli temizlik yap\u0131lmal\u0131d\u0131r. Bu i\u015flem y\u00fczeyi temiz tutmak ile birlikte zaman i\u00e7erisinde uygulanan bask\u0131lar sonucunda olu\u015fabilecek \u00e7\u00f6kme s\u00fcresini uzatacakt\u0131r. Su, \u015farap, kola, kahve, asitli turun\u00e7giller, kola vb. \u00fcr\u00fcnlerin d\u00f6k\u00fclmesi durumunda kuma\u015f y\u00fczeyini derhal hafif nemli bir bez yard\u0131m\u0131yla [&hellip;]<\/p>\n","protected":false},"featured_media":20623,"template":"","meta":[],"product_brand":[],"product_cat":[1049],"product_tag":[4715],"class_list":{"0":"post-20618","1":"product","2":"type-product","3":"status-publish","4":"has-post-thumbnail","6":"product_cat-611gp","7":"product_tag-611gp0000011","9":"first","10":"instock","11":"taxable","12":"shipping-taxable","13":"product-type-simple"},"_links":{"self":[{"href":"https:\/\/kervanmagazacilik.com\/index.php\/wp-json\/wp\/v2\/product\/20618","targetHints":{"allow":["GET"]}}],"collection":[{"href":"https:\/\/kervanmagazacilik.com\/index.php\/wp-json\/wp\/v2\/product"}],"about":[{"href":"https:\/\/kervanmagazacilik.com\/index.php\/wp-json\/wp\/v2\/types\/product"}],"wp:featuredmedia":[{"embeddable":true,"href":"https:\/\/kervanmagazacilik.com\/index.php\/wp-json\/wp\/v2\/media\/20623"}],"wp:attachment":[{"href":"https:\/\/kervanmagazacilik.com\/index.php\/wp-json\/wp\/v2\/media?parent=20618"}],"wp:term":[{"taxonomy":"product_brand","embeddable":true,"href":"https:\/\/kervanmagazacilik.com\/index.php\/wp-json\/wp\/v2\/product_brand?post=20618"},{"taxonomy":"product_cat","embeddable":true,"href":"https:\/\/kervanmagazacilik.com\/index.php\/wp-json\/wp\/v2\/product_cat?post=20618"},{"taxonomy":"product_tag","embeddable":true,"href":"https:\/\/kervanmagazacilik.com\/index.php\/wp-json\/wp\/v2\/product_tag?post=20618"}],"curies":[{"name":"wp","href":"https:\/\/api.w.org\/{rel}","templated":true}]}}