{"id":19761,"date":"2024-12-13T11:44:07","date_gmt":"2024-12-13T08:44:07","guid":{"rendered":"https:\/\/kervanmagazacilik.com\/?post_type=product&#038;p=19761"},"modified":"2024-12-13T11:44:07","modified_gmt":"2024-12-13T08:44:07","slug":"611rm0000002","status":"publish","type":"product","link":"https:\/\/kervanmagazacilik.com\/index.php\/urun\/611rm0000002\/","title":{"rendered":"611RM0000002"},"content":{"rendered":"<p>611RM0000002<\/p>\n<p>D\u00d6RTL\u00dc NUBUK KOLTUK KAHVE 100x284x82cm RS723-280<\/p>\n<p>Nubuk-K\u00f6p\u00fck-Hu\u015f A\u011fac\u0131<\/p>\n<p>Kuru bir bez ve elektrik s\u00fcp\u00fcrgesi yard\u0131m\u0131yla temizlenmelidir.<\/p>\n","protected":false},"excerpt":{"rendered":"<p>611RM0000002 D\u00d6RTL\u00dc NUBUK KOLTUK KAHVE 100x284x82cm RS723-280 Nubuk-K\u00f6p\u00fck-Hu\u015f A\u011fac\u0131 Kuru bir bez ve elektrik s\u00fcp\u00fcrgesi yard\u0131m\u0131yla temizlenmelidir.<\/p>\n","protected":false},"featured_media":19763,"template":"","meta":[],"product_brand":[],"product_cat":[3004],"product_tag":[4519],"class_list":{"0":"post-19761","1":"product","2":"type-product","3":"status-publish","4":"has-post-thumbnail","6":"product_cat-611rm","7":"product_tag-611rm0000002","9":"first","10":"instock","11":"taxable","12":"shipping-taxable","13":"product-type-simple"},"_links":{"self":[{"href":"https:\/\/kervanmagazacilik.com\/index.php\/wp-json\/wp\/v2\/product\/19761","targetHints":{"allow":["GET"]}}],"collection":[{"href":"https:\/\/kervanmagazacilik.com\/index.php\/wp-json\/wp\/v2\/product"}],"about":[{"href":"https:\/\/kervanmagazacilik.com\/index.php\/wp-json\/wp\/v2\/types\/product"}],"wp:featuredmedia":[{"embeddable":true,"href":"https:\/\/kervanmagazacilik.com\/index.php\/wp-json\/wp\/v2\/media\/19763"}],"wp:attachment":[{"href":"https:\/\/kervanmagazacilik.com\/index.php\/wp-json\/wp\/v2\/media?parent=19761"}],"wp:term":[{"taxonomy":"product_brand","embeddable":true,"href":"https:\/\/kervanmagazacilik.com\/index.php\/wp-json\/wp\/v2\/product_brand?post=19761"},{"taxonomy":"product_cat","embeddable":true,"href":"https:\/\/kervanmagazacilik.com\/index.php\/wp-json\/wp\/v2\/product_cat?post=19761"},{"taxonomy":"product_tag","embeddable":true,"href":"https:\/\/kervanmagazacilik.com\/index.php\/wp-json\/wp\/v2\/product_tag?post=19761"}],"curies":[{"name":"wp","href":"https:\/\/api.w.org\/{rel}","templated":true}]}}