{"id":19497,"date":"2024-12-12T23:07:43","date_gmt":"2024-12-12T20:07:43","guid":{"rendered":"https:\/\/kervanmagazacilik.com\/?post_type=product&#038;p=19497"},"modified":"2024-12-12T23:07:44","modified_gmt":"2024-12-12T20:07:44","slug":"759kgt000065","status":"publish","type":"product","link":"https:\/\/kervanmagazacilik.com\/index.php\/urun\/759kgt000065\/","title":{"rendered":"759KGT000065"},"content":{"rendered":"<p>759KGT000065<\/p>\n<p>KSH-FB1021-207-07 KITAP KUTU 24x16x5cm<\/p>\n<p>Kuru bez ile toz al\u0131nmal\u0131d\u0131r.<\/p>\n","protected":false},"excerpt":{"rendered":"<p>759KGT000065 KSH-FB1021-207-07 KITAP KUTU 24x16x5cm Kuru bez ile toz al\u0131nmal\u0131d\u0131r.<\/p>\n","protected":false},"featured_media":19498,"template":"","meta":[],"product_brand":[],"product_cat":[238],"product_tag":[4461],"class_list":{"0":"post-19497","1":"product","2":"type-product","3":"status-publish","4":"has-post-thumbnail","6":"product_cat-759kgt","7":"product_tag-759kgt000065","9":"first","10":"instock","11":"taxable","12":"shipping-taxable","13":"product-type-simple"},"_links":{"self":[{"href":"https:\/\/kervanmagazacilik.com\/index.php\/wp-json\/wp\/v2\/product\/19497","targetHints":{"allow":["GET"]}}],"collection":[{"href":"https:\/\/kervanmagazacilik.com\/index.php\/wp-json\/wp\/v2\/product"}],"about":[{"href":"https:\/\/kervanmagazacilik.com\/index.php\/wp-json\/wp\/v2\/types\/product"}],"wp:featuredmedia":[{"embeddable":true,"href":"https:\/\/kervanmagazacilik.com\/index.php\/wp-json\/wp\/v2\/media\/19498"}],"wp:attachment":[{"href":"https:\/\/kervanmagazacilik.com\/index.php\/wp-json\/wp\/v2\/media?parent=19497"}],"wp:term":[{"taxonomy":"product_brand","embeddable":true,"href":"https:\/\/kervanmagazacilik.com\/index.php\/wp-json\/wp\/v2\/product_brand?post=19497"},{"taxonomy":"product_cat","embeddable":true,"href":"https:\/\/kervanmagazacilik.com\/index.php\/wp-json\/wp\/v2\/product_cat?post=19497"},{"taxonomy":"product_tag","embeddable":true,"href":"https:\/\/kervanmagazacilik.com\/index.php\/wp-json\/wp\/v2\/product_tag?post=19497"}],"curies":[{"name":"wp","href":"https:\/\/api.w.org\/{rel}","templated":true}]}}