{"id":19300,"date":"2024-12-11T23:13:06","date_gmt":"2024-12-11T20:13:06","guid":{"rendered":"https:\/\/kervanmagazacilik.com\/?post_type=product&#038;p=19300"},"modified":"2024-12-11T23:13:06","modified_gmt":"2024-12-11T20:13:06","slug":"759npt000022","status":"publish","type":"product","link":"https:\/\/kervanmagazacilik.com\/index.php\/urun\/759npt000022\/","title":{"rendered":"759NPT000022"},"content":{"rendered":"<p>759NPT000022<\/p>\n<p>ROZAS TABAKLI KOKULU TA\u015e 20X20 CM YE\u015e\u0130L-EKRU<\/p>\n<p>KOKULU TA\u015eIN ALTINDA, 20X20 CM \u00d6L\u00c7\u00dcS\u00dcNDE YAPRAK FORMUNDA TABAK BULUNMAKTADIR. SERAM\u0130K KOKULU TA\u015eIN ESANS EMME \u00d6ZELL\u0130\u011e\u0130 MEVCUTTUR. D\u0130LERSEN\u0130Z \u00dcZER\u0130NE ESANS SPREY SIKAB\u0130L\u0130RS\u0130N\u0130Z.\u00dcZER\u0130NE SIKACA\u011eINIZ KOKUYU TA\u015e ABSORBE EDECEK VE KOKUNUN YAYILMASINA KATKIDA BULUNACAK.<\/p>\n","protected":false},"excerpt":{"rendered":"<p>759NPT000022 ROZAS TABAKLI KOKULU TA\u015e 20X20 CM YE\u015e\u0130L-EKRU KOKULU TA\u015eIN ALTINDA, 20X20 CM \u00d6L\u00c7\u00dcS\u00dcNDE YAPRAK FORMUNDA TABAK BULUNMAKTADIR. SERAM\u0130K KOKULU TA\u015eIN ESANS EMME \u00d6ZELL\u0130\u011e\u0130 MEVCUTTUR. D\u0130LERSEN\u0130Z \u00dcZER\u0130NE ESANS SPREY SIKAB\u0130L\u0130RS\u0130N\u0130Z.\u00dcZER\u0130NE SIKACA\u011eINIZ KOKUYU TA\u015e ABSORBE EDECEK VE KOKUNUN YAYILMASINA KATKIDA BULUNACAK.<\/p>\n","protected":false},"featured_media":19301,"template":"","meta":[],"product_brand":[],"product_cat":[4407],"product_tag":[4422],"class_list":{"0":"post-19300","1":"product","2":"type-product","3":"status-publish","4":"has-post-thumbnail","6":"product_cat-759npt","7":"product_tag-759npt000022","9":"first","10":"instock","11":"taxable","12":"shipping-taxable","13":"product-type-simple"},"_links":{"self":[{"href":"https:\/\/kervanmagazacilik.com\/index.php\/wp-json\/wp\/v2\/product\/19300","targetHints":{"allow":["GET"]}}],"collection":[{"href":"https:\/\/kervanmagazacilik.com\/index.php\/wp-json\/wp\/v2\/product"}],"about":[{"href":"https:\/\/kervanmagazacilik.com\/index.php\/wp-json\/wp\/v2\/types\/product"}],"wp:featuredmedia":[{"embeddable":true,"href":"https:\/\/kervanmagazacilik.com\/index.php\/wp-json\/wp\/v2\/media\/19301"}],"wp:attachment":[{"href":"https:\/\/kervanmagazacilik.com\/index.php\/wp-json\/wp\/v2\/media?parent=19300"}],"wp:term":[{"taxonomy":"product_brand","embeddable":true,"href":"https:\/\/kervanmagazacilik.com\/index.php\/wp-json\/wp\/v2\/product_brand?post=19300"},{"taxonomy":"product_cat","embeddable":true,"href":"https:\/\/kervanmagazacilik.com\/index.php\/wp-json\/wp\/v2\/product_cat?post=19300"},{"taxonomy":"product_tag","embeddable":true,"href":"https:\/\/kervanmagazacilik.com\/index.php\/wp-json\/wp\/v2\/product_tag?post=19300"}],"curies":[{"name":"wp","href":"https:\/\/api.w.org\/{rel}","templated":true}]}}