{"id":19255,"date":"2024-12-11T22:43:19","date_gmt":"2024-12-11T19:43:19","guid":{"rendered":"https:\/\/kervanmagazacilik.com\/?post_type=product&#038;p=19255"},"modified":"2024-12-11T22:43:19","modified_gmt":"2024-12-11T19:43:19","slug":"759npt000005","status":"publish","type":"product","link":"https:\/\/kervanmagazacilik.com\/index.php\/urun\/759npt000005\/","title":{"rendered":"759NPT000005"},"content":{"rendered":"<p>759NPT000005<\/p>\n<p>ROZAS 400 CC G\u00dcL TA\u015eLI KOKU \u015e\u0130\u015eES\u0130 12X26 CM ANTRAS\u0130T<\/p>\n<p>\u015e\u0130\u015eEN\u0130N \u0130\u00c7ER\u0130S\u0130NE ESANS KOKU DOLDURULMALIDIR. DOLDURDUKTAN B\u0130R S\u00dcRE SONRA, SERAM\u0130K KOKU TA\u015eI ESANSI HIZLI OLARAK EMECEKT\u0130R. DAHA SONRA ESANSI EMME S\u00dcRES\u0130 ZAMANLA AZALACAKTIR. ESANS AZALINCA YEDEK ESANSLARIMIZDAN SATIN ALAB\u0130L\u0130RS\u0130N\u0130Z. \u00c7OK \u015eIK TASARIMI \u0130LE DEKORASYONUNUZDA VAZGE\u00c7\u0130LMEZ OLACAK.<\/p>\n","protected":false},"excerpt":{"rendered":"<p>759NPT000005 ROZAS 400 CC G\u00dcL TA\u015eLI KOKU \u015e\u0130\u015eES\u0130 12X26 CM ANTRAS\u0130T \u015e\u0130\u015eEN\u0130N \u0130\u00c7ER\u0130S\u0130NE ESANS KOKU DOLDURULMALIDIR. DOLDURDUKTAN B\u0130R S\u00dcRE SONRA, SERAM\u0130K KOKU TA\u015eI ESANSI HIZLI OLARAK EMECEKT\u0130R. DAHA SONRA ESANSI EMME S\u00dcRES\u0130 ZAMANLA AZALACAKTIR. ESANS AZALINCA YEDEK ESANSLARIMIZDAN SATIN ALAB\u0130L\u0130RS\u0130N\u0130Z. \u00c7OK \u015eIK TASARIMI \u0130LE DEKORASYONUNUZDA VAZGE\u00c7\u0130LMEZ OLACAK.<\/p>\n","protected":false},"featured_media":19256,"template":"","meta":[],"product_brand":[],"product_cat":[4407],"product_tag":[4411],"class_list":{"0":"post-19255","1":"product","2":"type-product","3":"status-publish","4":"has-post-thumbnail","6":"product_cat-759npt","7":"product_tag-759npt000005","9":"first","10":"instock","11":"taxable","12":"shipping-taxable","13":"product-type-simple"},"_links":{"self":[{"href":"https:\/\/kervanmagazacilik.com\/index.php\/wp-json\/wp\/v2\/product\/19255","targetHints":{"allow":["GET"]}}],"collection":[{"href":"https:\/\/kervanmagazacilik.com\/index.php\/wp-json\/wp\/v2\/product"}],"about":[{"href":"https:\/\/kervanmagazacilik.com\/index.php\/wp-json\/wp\/v2\/types\/product"}],"wp:featuredmedia":[{"embeddable":true,"href":"https:\/\/kervanmagazacilik.com\/index.php\/wp-json\/wp\/v2\/media\/19256"}],"wp:attachment":[{"href":"https:\/\/kervanmagazacilik.com\/index.php\/wp-json\/wp\/v2\/media?parent=19255"}],"wp:term":[{"taxonomy":"product_brand","embeddable":true,"href":"https:\/\/kervanmagazacilik.com\/index.php\/wp-json\/wp\/v2\/product_brand?post=19255"},{"taxonomy":"product_cat","embeddable":true,"href":"https:\/\/kervanmagazacilik.com\/index.php\/wp-json\/wp\/v2\/product_cat?post=19255"},{"taxonomy":"product_tag","embeddable":true,"href":"https:\/\/kervanmagazacilik.com\/index.php\/wp-json\/wp\/v2\/product_tag?post=19255"}],"curies":[{"name":"wp","href":"https:\/\/api.w.org\/{rel}","templated":true}]}}