{"id":17976,"date":"2024-12-02T09:57:02","date_gmt":"2024-12-02T06:57:02","guid":{"rendered":"https:\/\/kervanmagazacilik.com\/?post_type=product&#038;p=17976"},"modified":"2024-12-02T09:57:02","modified_gmt":"2024-12-02T06:57:02","slug":"759sb5000019","status":"publish","type":"product","link":"https:\/\/kervanmagazacilik.com\/index.php\/urun\/759sb5000019\/","title":{"rendered":"759SB5000019"},"content":{"rendered":"<p>759SB5000019<\/p>\n<p>14881 KAPAKLI KAVANOZ GOLD IRIS KOLEKSIYON 13x10x15cm<\/p>\n<p>Cam par\u00e7alar elde y\u0131kanabilir, metal k\u0131s\u0131mlar su ile temas ettirilirse \u00e7ok iyi kurulanmal\u0131d\u0131r.<\/p>\n","protected":false},"excerpt":{"rendered":"<p>759SB5000019 14881 KAPAKLI KAVANOZ GOLD IRIS KOLEKSIYON 13x10x15cm Cam par\u00e7alar elde y\u0131kanabilir, metal k\u0131s\u0131mlar su ile temas ettirilirse \u00e7ok iyi kurulanmal\u0131d\u0131r.<\/p>\n","protected":false},"featured_media":17977,"template":"","meta":[],"product_brand":[],"product_cat":[4038],"product_tag":[4069],"class_list":{"0":"post-17976","1":"product","2":"type-product","3":"status-publish","4":"has-post-thumbnail","6":"product_cat-759sb5","7":"product_tag-759sb5000019","9":"first","10":"instock","11":"taxable","12":"shipping-taxable","13":"product-type-simple"},"_links":{"self":[{"href":"https:\/\/kervanmagazacilik.com\/index.php\/wp-json\/wp\/v2\/product\/17976","targetHints":{"allow":["GET"]}}],"collection":[{"href":"https:\/\/kervanmagazacilik.com\/index.php\/wp-json\/wp\/v2\/product"}],"about":[{"href":"https:\/\/kervanmagazacilik.com\/index.php\/wp-json\/wp\/v2\/types\/product"}],"wp:featuredmedia":[{"embeddable":true,"href":"https:\/\/kervanmagazacilik.com\/index.php\/wp-json\/wp\/v2\/media\/17977"}],"wp:attachment":[{"href":"https:\/\/kervanmagazacilik.com\/index.php\/wp-json\/wp\/v2\/media?parent=17976"}],"wp:term":[{"taxonomy":"product_brand","embeddable":true,"href":"https:\/\/kervanmagazacilik.com\/index.php\/wp-json\/wp\/v2\/product_brand?post=17976"},{"taxonomy":"product_cat","embeddable":true,"href":"https:\/\/kervanmagazacilik.com\/index.php\/wp-json\/wp\/v2\/product_cat?post=17976"},{"taxonomy":"product_tag","embeddable":true,"href":"https:\/\/kervanmagazacilik.com\/index.php\/wp-json\/wp\/v2\/product_tag?post=17976"}],"curies":[{"name":"wp","href":"https:\/\/api.w.org\/{rel}","templated":true}]}}