{"id":17959,"date":"2024-12-02T01:35:10","date_gmt":"2024-12-01T22:35:10","guid":{"rendered":"https:\/\/kervanmagazacilik.com\/?post_type=product&#038;p=17959"},"modified":"2024-12-02T01:35:11","modified_gmt":"2024-12-01T22:35:11","slug":"759sb5000015","status":"publish","type":"product","link":"https:\/\/kervanmagazacilik.com\/index.php\/urun\/759sb5000015\/","title":{"rendered":"759SB5000015"},"content":{"rendered":"<p>759SB5000015<\/p>\n<p>14876 KAPAKLI SERVIS GOLD IRIS KOLEKSIYON 30x24x23cm<\/p>\n<p>Cam par\u00e7alar elde y\u0131kanabilir, metal k\u0131s\u0131mlara su ile temas ettirilmemelidir.<\/p>\n","protected":false},"excerpt":{"rendered":"<p>759SB5000015 14876 KAPAKLI SERVIS GOLD IRIS KOLEKSIYON 30x24x23cm Cam par\u00e7alar elde y\u0131kanabilir, metal k\u0131s\u0131mlara su ile temas ettirilmemelidir.<\/p>\n","protected":false},"featured_media":17960,"template":"","meta":[],"product_brand":[],"product_cat":[4038],"product_tag":[4064],"class_list":{"0":"post-17959","1":"product","2":"type-product","3":"status-publish","4":"has-post-thumbnail","6":"product_cat-759sb5","7":"product_tag-759sb5000015","9":"first","10":"instock","11":"taxable","12":"shipping-taxable","13":"product-type-simple"},"_links":{"self":[{"href":"https:\/\/kervanmagazacilik.com\/index.php\/wp-json\/wp\/v2\/product\/17959","targetHints":{"allow":["GET"]}}],"collection":[{"href":"https:\/\/kervanmagazacilik.com\/index.php\/wp-json\/wp\/v2\/product"}],"about":[{"href":"https:\/\/kervanmagazacilik.com\/index.php\/wp-json\/wp\/v2\/types\/product"}],"wp:featuredmedia":[{"embeddable":true,"href":"https:\/\/kervanmagazacilik.com\/index.php\/wp-json\/wp\/v2\/media\/17960"}],"wp:attachment":[{"href":"https:\/\/kervanmagazacilik.com\/index.php\/wp-json\/wp\/v2\/media?parent=17959"}],"wp:term":[{"taxonomy":"product_brand","embeddable":true,"href":"https:\/\/kervanmagazacilik.com\/index.php\/wp-json\/wp\/v2\/product_brand?post=17959"},{"taxonomy":"product_cat","embeddable":true,"href":"https:\/\/kervanmagazacilik.com\/index.php\/wp-json\/wp\/v2\/product_cat?post=17959"},{"taxonomy":"product_tag","embeddable":true,"href":"https:\/\/kervanmagazacilik.com\/index.php\/wp-json\/wp\/v2\/product_tag?post=17959"}],"curies":[{"name":"wp","href":"https:\/\/api.w.org\/{rel}","templated":true}]}}