{"id":16844,"date":"2024-11-27T10:58:41","date_gmt":"2024-11-27T07:58:41","guid":{"rendered":"https:\/\/kervanmagazacilik.com\/?post_type=product&#038;p=16844"},"modified":"2024-11-27T10:58:42","modified_gmt":"2024-11-27T07:58:42","slug":"900arj000204-2","status":"publish","type":"product","link":"https:\/\/kervanmagazacilik.com\/index.php\/urun\/900arj000204-2\/","title":{"rendered":"900ARJ000204"},"content":{"rendered":"<p>900ARJ000204<\/p>\n<p>PASIES BUYUK ISTIRIDYE VAZO ARAJMAN 40X60 cm<\/p>\n<p>MALZEME: Cam+Plastik<br \/>\nVAZO: Cam, \u00f6l\u00e7\u00fcs\u00fc: 10&#215;25 cm<br \/>\n\u00d6l\u00e7\u00fcler +\/- 5 cm de\u011fi\u015fkenlik g\u00f6sterebilir<br \/>\nALT GRUP: DEKORATIF<br \/>\nHafif nemli bezle silinebilir<\/p>\n","protected":false},"excerpt":{"rendered":"<p>900ARJ000204 PASIES BUYUK ISTIRIDYE VAZO ARAJMAN 40X60 cm MALZEME: Cam+Plastik VAZO: Cam, \u00f6l\u00e7\u00fcs\u00fc: 10&#215;25 cm \u00d6l\u00e7\u00fcler +\/- 5 cm de\u011fi\u015fkenlik g\u00f6sterebilir ALT GRUP: DEKORATIF Hafif nemli bezle silinebilir<\/p>\n","protected":false},"featured_media":16845,"template":"","meta":[],"product_brand":[],"product_cat":[280],"product_tag":[3725],"class_list":{"0":"post-16844","1":"product","2":"type-product","3":"status-publish","4":"has-post-thumbnail","6":"product_cat-900arj","7":"product_tag-900arj000204","9":"first","10":"instock","11":"taxable","12":"shipping-taxable","13":"product-type-simple"},"_links":{"self":[{"href":"https:\/\/kervanmagazacilik.com\/index.php\/wp-json\/wp\/v2\/product\/16844","targetHints":{"allow":["GET"]}}],"collection":[{"href":"https:\/\/kervanmagazacilik.com\/index.php\/wp-json\/wp\/v2\/product"}],"about":[{"href":"https:\/\/kervanmagazacilik.com\/index.php\/wp-json\/wp\/v2\/types\/product"}],"wp:featuredmedia":[{"embeddable":true,"href":"https:\/\/kervanmagazacilik.com\/index.php\/wp-json\/wp\/v2\/media\/16845"}],"wp:attachment":[{"href":"https:\/\/kervanmagazacilik.com\/index.php\/wp-json\/wp\/v2\/media?parent=16844"}],"wp:term":[{"taxonomy":"product_brand","embeddable":true,"href":"https:\/\/kervanmagazacilik.com\/index.php\/wp-json\/wp\/v2\/product_brand?post=16844"},{"taxonomy":"product_cat","embeddable":true,"href":"https:\/\/kervanmagazacilik.com\/index.php\/wp-json\/wp\/v2\/product_cat?post=16844"},{"taxonomy":"product_tag","embeddable":true,"href":"https:\/\/kervanmagazacilik.com\/index.php\/wp-json\/wp\/v2\/product_tag?post=16844"}],"curies":[{"name":"wp","href":"https:\/\/api.w.org\/{rel}","templated":true}]}}