{"id":16825,"date":"2024-11-27T10:54:27","date_gmt":"2024-11-27T07:54:27","guid":{"rendered":"https:\/\/kervanmagazacilik.com\/?post_type=product&#038;p=16825"},"modified":"2024-11-27T10:54:28","modified_gmt":"2024-11-27T07:54:28","slug":"900arj000202","status":"publish","type":"product","link":"https:\/\/kervanmagazacilik.com\/index.php\/urun\/900arj000202\/","title":{"rendered":"900ARJ000202"},"content":{"rendered":"<p>900ARJ000202<\/p>\n<p>GALENA ARANJMAN 50X150 CM TURUNCU -KAHVE<\/p>\n<p>MALZEME: Plastik<br \/>\nVAZO: Plast\u0131kt\u0131r, \u00f6l\u00e7\u00fcs\u00fc: 37&#215;70 cm<br \/>\n\u00d6l\u00e7\u00fcler +\/- 5 cm de\u011fi\u015fkenlik g\u00f6sterebilir<\/p>\n","protected":false},"excerpt":{"rendered":"<p>900ARJ000202 GALENA ARANJMAN 50X150 CM TURUNCU -KAHVE MALZEME: Plastik VAZO: Plast\u0131kt\u0131r, \u00f6l\u00e7\u00fcs\u00fc: 37&#215;70 cm \u00d6l\u00e7\u00fcler +\/- 5 cm de\u011fi\u015fkenlik g\u00f6sterebilir<\/p>\n","protected":false},"featured_media":16837,"template":"","meta":[],"product_brand":[],"product_cat":[280],"product_tag":[3806],"class_list":{"0":"post-16825","1":"product","2":"type-product","3":"status-publish","4":"has-post-thumbnail","6":"product_cat-900arj","7":"product_tag-900arj000202","9":"first","10":"instock","11":"taxable","12":"shipping-taxable","13":"product-type-simple"},"_links":{"self":[{"href":"https:\/\/kervanmagazacilik.com\/index.php\/wp-json\/wp\/v2\/product\/16825","targetHints":{"allow":["GET"]}}],"collection":[{"href":"https:\/\/kervanmagazacilik.com\/index.php\/wp-json\/wp\/v2\/product"}],"about":[{"href":"https:\/\/kervanmagazacilik.com\/index.php\/wp-json\/wp\/v2\/types\/product"}],"wp:featuredmedia":[{"embeddable":true,"href":"https:\/\/kervanmagazacilik.com\/index.php\/wp-json\/wp\/v2\/media\/16837"}],"wp:attachment":[{"href":"https:\/\/kervanmagazacilik.com\/index.php\/wp-json\/wp\/v2\/media?parent=16825"}],"wp:term":[{"taxonomy":"product_brand","embeddable":true,"href":"https:\/\/kervanmagazacilik.com\/index.php\/wp-json\/wp\/v2\/product_brand?post=16825"},{"taxonomy":"product_cat","embeddable":true,"href":"https:\/\/kervanmagazacilik.com\/index.php\/wp-json\/wp\/v2\/product_cat?post=16825"},{"taxonomy":"product_tag","embeddable":true,"href":"https:\/\/kervanmagazacilik.com\/index.php\/wp-json\/wp\/v2\/product_tag?post=16825"}],"curies":[{"name":"wp","href":"https:\/\/api.w.org\/{rel}","templated":true}]}}