{"id":16465,"date":"2024-11-27T01:21:45","date_gmt":"2024-11-26T22:21:45","guid":{"rendered":"https:\/\/kervanmagazacilik.com\/?post_type=product&#038;p=16465"},"modified":"2024-11-27T01:21:45","modified_gmt":"2024-11-26T22:21:45","slug":"284ek0000004","status":"publish","type":"product","link":"https:\/\/kervanmagazacilik.com\/index.php\/urun\/284ek0000004\/","title":{"rendered":"284EK0000004"},"content":{"rendered":"<p>284EK0000004<\/p>\n<p>SMART HALI 0121 SM 01 NATURAL XW 135&#215;200<\/p>\n<p>Y\u0131kanabilir Hav Toz vermez Modern Desenli \u0130nce Dokuma Hal\u0131 %65 Akrilik \u015e\u00f6nil &#8211; %20 Pamuk &#8211; %15 Polyester<\/p>\n","protected":false},"excerpt":{"rendered":"<p>284EK0000004 SMART HALI 0121 SM 01 NATURAL XW 135&#215;200 Y\u0131kanabilir Hav Toz vermez Modern Desenli \u0130nce Dokuma Hal\u0131 %65 Akrilik \u015e\u00f6nil &#8211; %20 Pamuk &#8211; %15 Polyester<\/p>\n","protected":false},"featured_media":16466,"template":"","meta":[],"product_brand":[],"product_cat":[3735],"product_tag":[3736],"class_list":{"0":"post-16465","1":"product","2":"type-product","3":"status-publish","4":"has-post-thumbnail","6":"product_cat-284ek","7":"product_tag-284ek0000004","9":"first","10":"instock","11":"taxable","12":"shipping-taxable","13":"product-type-simple"},"_links":{"self":[{"href":"https:\/\/kervanmagazacilik.com\/index.php\/wp-json\/wp\/v2\/product\/16465","targetHints":{"allow":["GET"]}}],"collection":[{"href":"https:\/\/kervanmagazacilik.com\/index.php\/wp-json\/wp\/v2\/product"}],"about":[{"href":"https:\/\/kervanmagazacilik.com\/index.php\/wp-json\/wp\/v2\/types\/product"}],"wp:featuredmedia":[{"embeddable":true,"href":"https:\/\/kervanmagazacilik.com\/index.php\/wp-json\/wp\/v2\/media\/16466"}],"wp:attachment":[{"href":"https:\/\/kervanmagazacilik.com\/index.php\/wp-json\/wp\/v2\/media?parent=16465"}],"wp:term":[{"taxonomy":"product_brand","embeddable":true,"href":"https:\/\/kervanmagazacilik.com\/index.php\/wp-json\/wp\/v2\/product_brand?post=16465"},{"taxonomy":"product_cat","embeddable":true,"href":"https:\/\/kervanmagazacilik.com\/index.php\/wp-json\/wp\/v2\/product_cat?post=16465"},{"taxonomy":"product_tag","embeddable":true,"href":"https:\/\/kervanmagazacilik.com\/index.php\/wp-json\/wp\/v2\/product_tag?post=16465"}],"curies":[{"name":"wp","href":"https:\/\/api.w.org\/{rel}","templated":true}]}}