{"id":16019,"date":"2024-11-26T00:10:44","date_gmt":"2024-11-25T21:10:44","guid":{"rendered":"https:\/\/kervanmagazacilik.com\/?post_type=product&#038;p=16019"},"modified":"2024-11-26T00:10:44","modified_gmt":"2024-11-25T21:10:44","slug":"900nan000013","status":"publish","type":"product","link":"https:\/\/kervanmagazacilik.com\/index.php\/urun\/900nan000013\/","title":{"rendered":"900NAN000013"},"content":{"rendered":"<p>900NAN000013<\/p>\n<p>HD9481 BUKET \u00c7\u0130\u00c7EK PEMBE-SOMON 66cm<\/p>\n","protected":false},"excerpt":{"rendered":"<p>900NAN000013 HD9481 BUKET \u00c7\u0130\u00c7EK PEMBE-SOMON 66cm<\/p>\n","protected":false},"featured_media":16020,"template":"","meta":[],"product_brand":[],"product_cat":[287],"product_tag":[3612],"class_list":{"0":"post-16019","1":"product","2":"type-product","3":"status-publish","4":"has-post-thumbnail","6":"product_cat-900nan","7":"product_tag-900nan000013","9":"first","10":"instock","11":"taxable","12":"shipping-taxable","13":"product-type-simple"},"_links":{"self":[{"href":"https:\/\/kervanmagazacilik.com\/index.php\/wp-json\/wp\/v2\/product\/16019","targetHints":{"allow":["GET"]}}],"collection":[{"href":"https:\/\/kervanmagazacilik.com\/index.php\/wp-json\/wp\/v2\/product"}],"about":[{"href":"https:\/\/kervanmagazacilik.com\/index.php\/wp-json\/wp\/v2\/types\/product"}],"wp:featuredmedia":[{"embeddable":true,"href":"https:\/\/kervanmagazacilik.com\/index.php\/wp-json\/wp\/v2\/media\/16020"}],"wp:attachment":[{"href":"https:\/\/kervanmagazacilik.com\/index.php\/wp-json\/wp\/v2\/media?parent=16019"}],"wp:term":[{"taxonomy":"product_brand","embeddable":true,"href":"https:\/\/kervanmagazacilik.com\/index.php\/wp-json\/wp\/v2\/product_brand?post=16019"},{"taxonomy":"product_cat","embeddable":true,"href":"https:\/\/kervanmagazacilik.com\/index.php\/wp-json\/wp\/v2\/product_cat?post=16019"},{"taxonomy":"product_tag","embeddable":true,"href":"https:\/\/kervanmagazacilik.com\/index.php\/wp-json\/wp\/v2\/product_tag?post=16019"}],"curies":[{"name":"wp","href":"https:\/\/api.w.org\/{rel}","templated":true}]}}