{"id":15869,"date":"2024-11-25T14:26:47","date_gmt":"2024-11-25T11:26:47","guid":{"rendered":"https:\/\/kervanmagazacilik.com\/?post_type=product&#038;p=15869"},"modified":"2024-11-25T14:26:47","modified_gmt":"2024-11-25T11:26:47","slug":"611pym000007","status":"publish","type":"product","link":"https:\/\/kervanmagazacilik.com\/index.php\/urun\/611pym000007\/","title":{"rendered":"611PYM000007"},"content":{"rendered":"<p>611PYM000007<\/p>\n<p>LUZIA UCLU KOLTUK KAHVE 90x240x65cm (PATARA-11)<\/p>\n<p>% 16 POLYESTER &#8211; % 84 POLIPROPULEN<\/p>\n<p>PATARA 11<\/p>\n<p>SADECE KURU TEM\u0130ZLEME YAPILAB\u0130L\u0130R.<\/p>\n","protected":false},"excerpt":{"rendered":"<p>611PYM000007 LUZIA UCLU KOLTUK KAHVE 90x240x65cm (PATARA-11) % 16 POLYESTER &#8211; % 84 POLIPROPULEN PATARA 11 SADECE KURU TEM\u0130ZLEME YAPILAB\u0130L\u0130R.<\/p>\n","protected":false},"featured_media":15870,"template":"","meta":[],"product_brand":[],"product_cat":[73],"product_tag":[1164],"class_list":{"0":"post-15869","1":"product","2":"type-product","3":"status-publish","4":"has-post-thumbnail","6":"product_cat-611pym","7":"product_tag-611pym000007","9":"first","10":"instock","11":"taxable","12":"shipping-taxable","13":"product-type-simple"},"_links":{"self":[{"href":"https:\/\/kervanmagazacilik.com\/index.php\/wp-json\/wp\/v2\/product\/15869","targetHints":{"allow":["GET"]}}],"collection":[{"href":"https:\/\/kervanmagazacilik.com\/index.php\/wp-json\/wp\/v2\/product"}],"about":[{"href":"https:\/\/kervanmagazacilik.com\/index.php\/wp-json\/wp\/v2\/types\/product"}],"wp:featuredmedia":[{"embeddable":true,"href":"https:\/\/kervanmagazacilik.com\/index.php\/wp-json\/wp\/v2\/media\/15870"}],"wp:attachment":[{"href":"https:\/\/kervanmagazacilik.com\/index.php\/wp-json\/wp\/v2\/media?parent=15869"}],"wp:term":[{"taxonomy":"product_brand","embeddable":true,"href":"https:\/\/kervanmagazacilik.com\/index.php\/wp-json\/wp\/v2\/product_brand?post=15869"},{"taxonomy":"product_cat","embeddable":true,"href":"https:\/\/kervanmagazacilik.com\/index.php\/wp-json\/wp\/v2\/product_cat?post=15869"},{"taxonomy":"product_tag","embeddable":true,"href":"https:\/\/kervanmagazacilik.com\/index.php\/wp-json\/wp\/v2\/product_tag?post=15869"}],"curies":[{"name":"wp","href":"https:\/\/api.w.org\/{rel}","templated":true}]}}