{"id":15577,"date":"2024-11-23T18:13:57","date_gmt":"2024-11-23T15:13:57","guid":{"rendered":"https:\/\/kervanmagazacilik.com\/?post_type=product&#038;p=15577"},"modified":"2024-11-23T18:13:57","modified_gmt":"2024-11-23T15:13:57","slug":"759ozv000104","status":"publish","type":"product","link":"https:\/\/kervanmagazacilik.com\/index.php\/urun\/759ozv000104\/","title":{"rendered":"759OZV000104"},"content":{"rendered":"<p>759OZV000104<\/p>\n<p>ESK\u0130TME FOTO\u011eRAF \u00c7ER\u00c7EVES\u0130 13x18cm 65610638<\/p>\n","protected":false},"excerpt":{"rendered":"<p>759OZV000104 ESK\u0130TME FOTO\u011eRAF \u00c7ER\u00c7EVES\u0130 13x18cm 65610638<\/p>\n","protected":false},"featured_media":15578,"template":"","meta":[],"product_brand":[],"product_cat":[254],"product_tag":[3492],"class_list":{"0":"post-15577","1":"product","2":"type-product","3":"status-publish","4":"has-post-thumbnail","6":"product_cat-759ozv","7":"product_tag-759ozv000104","9":"first","10":"instock","11":"taxable","12":"shipping-taxable","13":"product-type-simple"},"_links":{"self":[{"href":"https:\/\/kervanmagazacilik.com\/index.php\/wp-json\/wp\/v2\/product\/15577","targetHints":{"allow":["GET"]}}],"collection":[{"href":"https:\/\/kervanmagazacilik.com\/index.php\/wp-json\/wp\/v2\/product"}],"about":[{"href":"https:\/\/kervanmagazacilik.com\/index.php\/wp-json\/wp\/v2\/types\/product"}],"wp:featuredmedia":[{"embeddable":true,"href":"https:\/\/kervanmagazacilik.com\/index.php\/wp-json\/wp\/v2\/media\/15578"}],"wp:attachment":[{"href":"https:\/\/kervanmagazacilik.com\/index.php\/wp-json\/wp\/v2\/media?parent=15577"}],"wp:term":[{"taxonomy":"product_brand","embeddable":true,"href":"https:\/\/kervanmagazacilik.com\/index.php\/wp-json\/wp\/v2\/product_brand?post=15577"},{"taxonomy":"product_cat","embeddable":true,"href":"https:\/\/kervanmagazacilik.com\/index.php\/wp-json\/wp\/v2\/product_cat?post=15577"},{"taxonomy":"product_tag","embeddable":true,"href":"https:\/\/kervanmagazacilik.com\/index.php\/wp-json\/wp\/v2\/product_tag?post=15577"}],"curies":[{"name":"wp","href":"https:\/\/api.w.org\/{rel}","templated":true}]}}