{"id":14829,"date":"2024-11-18T00:24:49","date_gmt":"2024-11-17T21:24:49","guid":{"rendered":"https:\/\/kervanmagazacilik.com\/?post_type=product&#038;p=14829"},"modified":"2024-11-18T00:24:50","modified_gmt":"2024-11-17T21:24:50","slug":"161063027046","status":"publish","type":"product","link":"https:\/\/kervanmagazacilik.com\/index.php\/urun\/161063027046\/","title":{"rendered":"161063027046"},"content":{"rendered":"<p>161063027046<\/p>\n<p>MR ERKEK BORNOZ (L-XL)<\/p>\n<p>K\u0131sa Ad :<br \/>\n\u00d6zel Not :<br \/>\nUzun Not :<br \/>\nStok A\u00e7\u0131klamalar\u0131 : A\u00e7yklama1 : % 100 bamboo havlu<br \/>\nA\u00e7yklama9 : T\u00dcRK\u0130YE DE \u00dcRET\u0130LM\u0130\u015eT\u0130R<br \/>\nA\u00e7yklama10 : BAKINIZ YIKAMA TAL\u0130MATI<\/p>\n","protected":false},"excerpt":{"rendered":"<p>161063027046 MR ERKEK BORNOZ (L-XL) K\u0131sa Ad : \u00d6zel Not : Uzun Not : Stok A\u00e7\u0131klamalar\u0131 : A\u00e7yklama1 : % 100 bamboo havlu A\u00e7yklama9 : T\u00dcRK\u0130YE DE \u00dcRET\u0130LM\u0130\u015eT\u0130R A\u00e7yklama10 : BAKINIZ YIKAMA TAL\u0130MATI<\/p>\n","protected":false},"featured_media":0,"template":"","meta":[],"product_brand":[],"product_cat":[3213],"product_tag":[3219],"class_list":{"0":"post-14829","1":"product","2":"type-product","3":"status-publish","5":"product_cat-3213","6":"product_tag-3219","8":"first","9":"instock","10":"taxable","11":"shipping-taxable","12":"product-type-simple"},"_links":{"self":[{"href":"https:\/\/kervanmagazacilik.com\/index.php\/wp-json\/wp\/v2\/product\/14829","targetHints":{"allow":["GET"]}}],"collection":[{"href":"https:\/\/kervanmagazacilik.com\/index.php\/wp-json\/wp\/v2\/product"}],"about":[{"href":"https:\/\/kervanmagazacilik.com\/index.php\/wp-json\/wp\/v2\/types\/product"}],"wp:attachment":[{"href":"https:\/\/kervanmagazacilik.com\/index.php\/wp-json\/wp\/v2\/media?parent=14829"}],"wp:term":[{"taxonomy":"product_brand","embeddable":true,"href":"https:\/\/kervanmagazacilik.com\/index.php\/wp-json\/wp\/v2\/product_brand?post=14829"},{"taxonomy":"product_cat","embeddable":true,"href":"https:\/\/kervanmagazacilik.com\/index.php\/wp-json\/wp\/v2\/product_cat?post=14829"},{"taxonomy":"product_tag","embeddable":true,"href":"https:\/\/kervanmagazacilik.com\/index.php\/wp-json\/wp\/v2\/product_tag?post=14829"}],"curies":[{"name":"wp","href":"https:\/\/api.w.org\/{rel}","templated":true}]}}