{"id":14381,"date":"2024-11-14T02:30:28","date_gmt":"2024-11-13T23:30:28","guid":{"rendered":"https:\/\/kervanmagazacilik.com\/?post_type=product&#038;p=14381"},"modified":"2024-11-14T02:30:28","modified_gmt":"2024-11-13T23:30:28","slug":"732ozv000001-2","status":"publish","type":"product","link":"https:\/\/kervanmagazacilik.com\/index.php\/urun\/732ozv000001-2\/","title":{"rendered":"732OZV000001"},"content":{"rendered":"<p>732OZV000001<\/p>\n<p>KRVN- 65700022 &#8211; TA\u00c7LI \u00c7ER\u00c7EVEL\u0130 MANZARA DUVAR PANOSU 75X100<\/p>\n<p>Kuru bez ile toz al\u0131nmal\u0131d\u0131r.<\/p>\n","protected":false},"excerpt":{"rendered":"<p>732OZV000001 KRVN- 65700022 &#8211; TA\u00c7LI \u00c7ER\u00c7EVEL\u0130 MANZARA DUVAR PANOSU 75X100 Kuru bez ile toz al\u0131nmal\u0131d\u0131r.<\/p>\n","protected":false},"featured_media":14382,"template":"","meta":[],"product_brand":[],"product_cat":[199],"product_tag":[3022],"class_list":{"0":"post-14381","1":"product","2":"type-product","3":"status-publish","4":"has-post-thumbnail","6":"product_cat-733ozv","7":"product_tag-732ozv000001","9":"first","10":"instock","11":"taxable","12":"shipping-taxable","13":"product-type-simple"},"_links":{"self":[{"href":"https:\/\/kervanmagazacilik.com\/index.php\/wp-json\/wp\/v2\/product\/14381","targetHints":{"allow":["GET"]}}],"collection":[{"href":"https:\/\/kervanmagazacilik.com\/index.php\/wp-json\/wp\/v2\/product"}],"about":[{"href":"https:\/\/kervanmagazacilik.com\/index.php\/wp-json\/wp\/v2\/types\/product"}],"wp:featuredmedia":[{"embeddable":true,"href":"https:\/\/kervanmagazacilik.com\/index.php\/wp-json\/wp\/v2\/media\/14382"}],"wp:attachment":[{"href":"https:\/\/kervanmagazacilik.com\/index.php\/wp-json\/wp\/v2\/media?parent=14381"}],"wp:term":[{"taxonomy":"product_brand","embeddable":true,"href":"https:\/\/kervanmagazacilik.com\/index.php\/wp-json\/wp\/v2\/product_brand?post=14381"},{"taxonomy":"product_cat","embeddable":true,"href":"https:\/\/kervanmagazacilik.com\/index.php\/wp-json\/wp\/v2\/product_cat?post=14381"},{"taxonomy":"product_tag","embeddable":true,"href":"https:\/\/kervanmagazacilik.com\/index.php\/wp-json\/wp\/v2\/product_tag?post=14381"}],"curies":[{"name":"wp","href":"https:\/\/api.w.org\/{rel}","templated":true}]}}