{"id":11933,"date":"2024-11-03T22:24:42","date_gmt":"2024-11-03T19:24:42","guid":{"rendered":"https:\/\/kervanmagazacilik.com\/?post_type=product&#038;p=11933"},"modified":"2024-11-03T22:24:43","modified_gmt":"2024-11-03T19:24:43","slug":"072hsh000931","status":"publish","type":"product","link":"https:\/\/kervanmagazacilik.com\/index.php\/urun\/072hsh000931\/","title":{"rendered":"072HSH000931"},"content":{"rendered":"<p>072HSH000931<\/p>\n<p>TROPICAS KIRLENT SIYAH-SARI 45x45cm<\/p>\n<p>Kuma\u015f: %100 Polyester<br \/>\nAksesuar:%50 Pamuk %50 Polyester<br \/>\nSadece kuru temizleme yap\u0131lmal\u0131d\u0131r<\/p>\n","protected":false},"excerpt":{"rendered":"<p>072HSH000931 TROPICAS KIRLENT SIYAH-SARI 45x45cm Kuma\u015f: %100 Polyester Aksesuar:%50 Pamuk %50 Polyester Sadece kuru temizleme yap\u0131lmal\u0131d\u0131r<\/p>\n","protected":false},"featured_media":11934,"template":"","meta":[],"product_brand":[],"product_cat":[2589],"product_tag":[2602],"class_list":{"0":"post-11933","1":"product","2":"type-product","3":"status-publish","4":"has-post-thumbnail","6":"product_cat-072hsh","7":"product_tag-072hsh000931","9":"first","10":"instock","11":"taxable","12":"shipping-taxable","13":"product-type-simple"},"_links":{"self":[{"href":"https:\/\/kervanmagazacilik.com\/index.php\/wp-json\/wp\/v2\/product\/11933","targetHints":{"allow":["GET"]}}],"collection":[{"href":"https:\/\/kervanmagazacilik.com\/index.php\/wp-json\/wp\/v2\/product"}],"about":[{"href":"https:\/\/kervanmagazacilik.com\/index.php\/wp-json\/wp\/v2\/types\/product"}],"wp:featuredmedia":[{"embeddable":true,"href":"https:\/\/kervanmagazacilik.com\/index.php\/wp-json\/wp\/v2\/media\/11934"}],"wp:attachment":[{"href":"https:\/\/kervanmagazacilik.com\/index.php\/wp-json\/wp\/v2\/media?parent=11933"}],"wp:term":[{"taxonomy":"product_brand","embeddable":true,"href":"https:\/\/kervanmagazacilik.com\/index.php\/wp-json\/wp\/v2\/product_brand?post=11933"},{"taxonomy":"product_cat","embeddable":true,"href":"https:\/\/kervanmagazacilik.com\/index.php\/wp-json\/wp\/v2\/product_cat?post=11933"},{"taxonomy":"product_tag","embeddable":true,"href":"https:\/\/kervanmagazacilik.com\/index.php\/wp-json\/wp\/v2\/product_tag?post=11933"}],"curies":[{"name":"wp","href":"https:\/\/api.w.org\/{rel}","templated":true}]}}