{"id":11923,"date":"2024-11-03T21:51:57","date_gmt":"2024-11-03T18:51:57","guid":{"rendered":"https:\/\/kervanmagazacilik.com\/?post_type=product&#038;p=11923"},"modified":"2024-11-03T21:51:57","modified_gmt":"2024-11-03T18:51:57","slug":"072hsh000906","status":"publish","type":"product","link":"https:\/\/kervanmagazacilik.com\/index.php\/urun\/072hsh000906\/","title":{"rendered":"072HSH000906"},"content":{"rendered":"<p>072HSH000906<\/p>\n<p>CORTINS KIRLENT 35X65 HARDAL<\/p>\n<p>Kuma\u015f, %100 Akrilik<br \/>\n30 derece narin y\u0131kama<br \/>\n\u00c7ama\u015f\u0131r suyu konamaz<br \/>\nKurutma makinesinde kurutulamaz<br \/>\n\u00dcT\u00dcLEME YAPILMAZ<\/p>\n","protected":false},"excerpt":{"rendered":"<p>072HSH000906 CORTINS KIRLENT 35X65 HARDAL Kuma\u015f, %100 Akrilik 30 derece narin y\u0131kama \u00c7ama\u015f\u0131r suyu konamaz Kurutma makinesinde kurutulamaz \u00dcT\u00dcLEME YAPILMAZ<\/p>\n","protected":false},"featured_media":11924,"template":"","meta":[],"product_brand":[],"product_cat":[2589],"product_tag":[2598],"class_list":{"0":"post-11923","1":"product","2":"type-product","3":"status-publish","4":"has-post-thumbnail","6":"product_cat-072hsh","7":"product_tag-072hsh000906","9":"first","10":"instock","11":"taxable","12":"shipping-taxable","13":"product-type-simple"},"_links":{"self":[{"href":"https:\/\/kervanmagazacilik.com\/index.php\/wp-json\/wp\/v2\/product\/11923","targetHints":{"allow":["GET"]}}],"collection":[{"href":"https:\/\/kervanmagazacilik.com\/index.php\/wp-json\/wp\/v2\/product"}],"about":[{"href":"https:\/\/kervanmagazacilik.com\/index.php\/wp-json\/wp\/v2\/types\/product"}],"wp:featuredmedia":[{"embeddable":true,"href":"https:\/\/kervanmagazacilik.com\/index.php\/wp-json\/wp\/v2\/media\/11924"}],"wp:attachment":[{"href":"https:\/\/kervanmagazacilik.com\/index.php\/wp-json\/wp\/v2\/media?parent=11923"}],"wp:term":[{"taxonomy":"product_brand","embeddable":true,"href":"https:\/\/kervanmagazacilik.com\/index.php\/wp-json\/wp\/v2\/product_brand?post=11923"},{"taxonomy":"product_cat","embeddable":true,"href":"https:\/\/kervanmagazacilik.com\/index.php\/wp-json\/wp\/v2\/product_cat?post=11923"},{"taxonomy":"product_tag","embeddable":true,"href":"https:\/\/kervanmagazacilik.com\/index.php\/wp-json\/wp\/v2\/product_tag?post=11923"}],"curies":[{"name":"wp","href":"https:\/\/api.w.org\/{rel}","templated":true}]}}