{"id":11904,"date":"2024-11-03T20:16:36","date_gmt":"2024-11-03T17:16:36","guid":{"rendered":"https:\/\/kervanmagazacilik.com\/?post_type=product&#038;p=11904"},"modified":"2024-11-03T20:16:36","modified_gmt":"2024-11-03T17:16:36","slug":"072hsh000169","status":"publish","type":"product","link":"https:\/\/kervanmagazacilik.com\/index.php\/urun\/072hsh000169\/","title":{"rendered":"072HSH000169"},"content":{"rendered":"<p>072HSH000169<\/p>\n<p>ANCELIN KIRLENT KAHVE 45x45cm<\/p>\n<div>Kuma\u015f:\u00a0 \u00a0%65 Keten %35 Polyester<\/div>\n<div><\/div>\n<div><\/div>\n<div>Sadece kuru temizleme yap\u0131lmal\u0131d\u0131r<\/div>\n","protected":false},"excerpt":{"rendered":"<p>072HSH000169 ANCELIN KIRLENT KAHVE 45x45cm Kuma\u015f:\u00a0 \u00a0%65 Keten %35 Polyester Sadece kuru temizleme yap\u0131lmal\u0131d\u0131r<\/p>\n","protected":false},"featured_media":11905,"template":"","meta":[],"product_brand":[],"product_cat":[2589],"product_tag":[2592],"class_list":{"0":"post-11904","1":"product","2":"type-product","3":"status-publish","4":"has-post-thumbnail","6":"product_cat-072hsh","7":"product_tag-072hsh000169","9":"first","10":"instock","11":"taxable","12":"shipping-taxable","13":"product-type-simple"},"_links":{"self":[{"href":"https:\/\/kervanmagazacilik.com\/index.php\/wp-json\/wp\/v2\/product\/11904","targetHints":{"allow":["GET"]}}],"collection":[{"href":"https:\/\/kervanmagazacilik.com\/index.php\/wp-json\/wp\/v2\/product"}],"about":[{"href":"https:\/\/kervanmagazacilik.com\/index.php\/wp-json\/wp\/v2\/types\/product"}],"wp:featuredmedia":[{"embeddable":true,"href":"https:\/\/kervanmagazacilik.com\/index.php\/wp-json\/wp\/v2\/media\/11905"}],"wp:attachment":[{"href":"https:\/\/kervanmagazacilik.com\/index.php\/wp-json\/wp\/v2\/media?parent=11904"}],"wp:term":[{"taxonomy":"product_brand","embeddable":true,"href":"https:\/\/kervanmagazacilik.com\/index.php\/wp-json\/wp\/v2\/product_brand?post=11904"},{"taxonomy":"product_cat","embeddable":true,"href":"https:\/\/kervanmagazacilik.com\/index.php\/wp-json\/wp\/v2\/product_cat?post=11904"},{"taxonomy":"product_tag","embeddable":true,"href":"https:\/\/kervanmagazacilik.com\/index.php\/wp-json\/wp\/v2\/product_tag?post=11904"}],"curies":[{"name":"wp","href":"https:\/\/api.w.org\/{rel}","templated":true}]}}