{"id":11476,"date":"2024-11-03T01:41:58","date_gmt":"2024-11-02T22:41:58","guid":{"rendered":"https:\/\/kervanmagazacilik.com\/?post_type=product&#038;p=11476"},"modified":"2024-11-03T01:41:58","modified_gmt":"2024-11-02T22:41:58","slug":"042hsh000320","status":"publish","type":"product","link":"https:\/\/kervanmagazacilik.com\/index.php\/urun\/042hsh000320\/","title":{"rendered":"042HSH000320"},"content":{"rendered":"<p>042HSH000320<\/p>\n<p>SELETTI SALLI PIKE SET KREM-MAVI 240x260cm 6 PRC<\/p>\n<p>Kuma\u015f: %100 Polyester<br \/>\nSadece kuru temizleme yap\u0131lmal\u0131d\u0131r<\/p>\n<p>\u00d6RT\u00dc: 240X260<br \/>\n\u015eAL: 100X235<br \/>\nYASTIK: 50X70 (2 ADET)<br \/>\nDEKORAT\u0130F YASTIK: 35X70 (2 ADET)<\/p>\n","protected":false},"excerpt":{"rendered":"<p>042HSH000320 SELETTI SALLI PIKE SET KREM-MAVI 240x260cm 6 PRC Kuma\u015f: %100 Polyester Sadece kuru temizleme yap\u0131lmal\u0131d\u0131r \u00d6RT\u00dc: 240X260 \u015eAL: 100X235 YASTIK: 50X70 (2 ADET) DEKORAT\u0130F YASTIK: 35X70 (2 ADET)<\/p>\n","protected":false},"featured_media":11493,"template":"","meta":[],"product_brand":[],"product_cat":[2493],"product_tag":[2497],"class_list":{"0":"post-11476","1":"product","2":"type-product","3":"status-publish","4":"has-post-thumbnail","6":"product_cat-042hsh","7":"product_tag-042hsh000320","9":"first","10":"instock","11":"taxable","12":"shipping-taxable","13":"product-type-simple"},"_links":{"self":[{"href":"https:\/\/kervanmagazacilik.com\/index.php\/wp-json\/wp\/v2\/product\/11476","targetHints":{"allow":["GET"]}}],"collection":[{"href":"https:\/\/kervanmagazacilik.com\/index.php\/wp-json\/wp\/v2\/product"}],"about":[{"href":"https:\/\/kervanmagazacilik.com\/index.php\/wp-json\/wp\/v2\/types\/product"}],"wp:featuredmedia":[{"embeddable":true,"href":"https:\/\/kervanmagazacilik.com\/index.php\/wp-json\/wp\/v2\/media\/11493"}],"wp:attachment":[{"href":"https:\/\/kervanmagazacilik.com\/index.php\/wp-json\/wp\/v2\/media?parent=11476"}],"wp:term":[{"taxonomy":"product_brand","embeddable":true,"href":"https:\/\/kervanmagazacilik.com\/index.php\/wp-json\/wp\/v2\/product_brand?post=11476"},{"taxonomy":"product_cat","embeddable":true,"href":"https:\/\/kervanmagazacilik.com\/index.php\/wp-json\/wp\/v2\/product_cat?post=11476"},{"taxonomy":"product_tag","embeddable":true,"href":"https:\/\/kervanmagazacilik.com\/index.php\/wp-json\/wp\/v2\/product_tag?post=11476"}],"curies":[{"name":"wp","href":"https:\/\/api.w.org\/{rel}","templated":true}]}}