{"id":11385,"date":"2024-11-03T00:24:43","date_gmt":"2024-11-02T21:24:43","guid":{"rendered":"https:\/\/kervanmagazacilik.com\/?post_type=product&#038;p=11385"},"modified":"2024-11-03T00:24:43","modified_gmt":"2024-11-02T21:24:43","slug":"012hsh002571","status":"publish","type":"product","link":"https:\/\/kervanmagazacilik.com\/index.php\/urun\/012hsh002571\/","title":{"rendered":"012HSH002571"},"content":{"rendered":"<p>012HSH002571<\/p>\n<p>MELINSA YATAK ORTUSU 260X270 3 PRC TAS<\/p>\n<p>Kuma\u015f; %100 Polyester<br \/>\nAksesuar; %100 Polyester<br \/>\nSadece kuru temizleme yap\u0131lmal\u0131d\u0131r<\/p>\n<p>ALT GRUP: YATAK ODASI TEKST\u0130L\u0130<\/p>\n<p>\u00d6RT\u00dc: 260X270 CM<br \/>\nYASTIK: 70X90 CM (2 ADET)<\/p>\n","protected":false},"excerpt":{"rendered":"<p>012HSH002571 MELINSA YATAK ORTUSU 260X270 3 PRC TAS Kuma\u015f; %100 Polyester Aksesuar; %100 Polyester Sadece kuru temizleme yap\u0131lmal\u0131d\u0131r ALT GRUP: YATAK ODASI TEKST\u0130L\u0130 \u00d6RT\u00dc: 260X270 CM YASTIK: 70X90 CM (2 ADET)<\/p>\n","protected":false},"featured_media":11386,"template":"","meta":[],"product_brand":[],"product_cat":[2475],"product_tag":[2477],"class_list":{"0":"post-11385","1":"product","2":"type-product","3":"status-publish","4":"has-post-thumbnail","6":"product_cat-012hsh","7":"product_tag-012hsh002571","9":"first","10":"instock","11":"taxable","12":"shipping-taxable","13":"product-type-simple"},"_links":{"self":[{"href":"https:\/\/kervanmagazacilik.com\/index.php\/wp-json\/wp\/v2\/product\/11385","targetHints":{"allow":["GET"]}}],"collection":[{"href":"https:\/\/kervanmagazacilik.com\/index.php\/wp-json\/wp\/v2\/product"}],"about":[{"href":"https:\/\/kervanmagazacilik.com\/index.php\/wp-json\/wp\/v2\/types\/product"}],"wp:featuredmedia":[{"embeddable":true,"href":"https:\/\/kervanmagazacilik.com\/index.php\/wp-json\/wp\/v2\/media\/11386"}],"wp:attachment":[{"href":"https:\/\/kervanmagazacilik.com\/index.php\/wp-json\/wp\/v2\/media?parent=11385"}],"wp:term":[{"taxonomy":"product_brand","embeddable":true,"href":"https:\/\/kervanmagazacilik.com\/index.php\/wp-json\/wp\/v2\/product_brand?post=11385"},{"taxonomy":"product_cat","embeddable":true,"href":"https:\/\/kervanmagazacilik.com\/index.php\/wp-json\/wp\/v2\/product_cat?post=11385"},{"taxonomy":"product_tag","embeddable":true,"href":"https:\/\/kervanmagazacilik.com\/index.php\/wp-json\/wp\/v2\/product_tag?post=11385"}],"curies":[{"name":"wp","href":"https:\/\/api.w.org\/{rel}","templated":true}]}}