{"id":11029,"date":"2024-10-29T14:25:41","date_gmt":"2024-10-29T11:25:41","guid":{"rendered":"https:\/\/kervanmagazacilik.com\/?post_type=product&#038;p=11029"},"modified":"2024-10-29T14:25:41","modified_gmt":"2024-10-29T11:25:41","slug":"720bhr000010","status":"publish","type":"product","link":"https:\/\/kervanmagazacilik.com\/index.php\/urun\/720bhr000010\/","title":{"rendered":"720BHR000010"},"content":{"rendered":"<p>720BHR000010<\/p>\n<p>,DEVE TABANI APLIK 25x30cm<\/p>\n<p>Kuru yumu\u015fak bez ile toz al\u0131nmal\u0131d\u0131r.<br \/>\nG9 amp\u00fcl kullan\u0131lmas\u0131 \u00f6nerilir.<\/p>\n","protected":false},"excerpt":{"rendered":"<p>720BHR000010 ,DEVE TABANI APLIK 25x30cm Kuru yumu\u015fak bez ile toz al\u0131nmal\u0131d\u0131r. G9 amp\u00fcl kullan\u0131lmas\u0131 \u00f6nerilir.<\/p>\n","protected":false},"featured_media":11030,"template":"","meta":[],"product_brand":[],"product_cat":[176],"product_tag":[2378],"class_list":{"0":"post-11029","1":"product","2":"type-product","3":"status-publish","4":"has-post-thumbnail","6":"product_cat-720bhr","7":"product_tag-720bhr000010","9":"first","10":"instock","11":"taxable","12":"shipping-taxable","13":"product-type-simple"},"_links":{"self":[{"href":"https:\/\/kervanmagazacilik.com\/index.php\/wp-json\/wp\/v2\/product\/11029","targetHints":{"allow":["GET"]}}],"collection":[{"href":"https:\/\/kervanmagazacilik.com\/index.php\/wp-json\/wp\/v2\/product"}],"about":[{"href":"https:\/\/kervanmagazacilik.com\/index.php\/wp-json\/wp\/v2\/types\/product"}],"wp:featuredmedia":[{"embeddable":true,"href":"https:\/\/kervanmagazacilik.com\/index.php\/wp-json\/wp\/v2\/media\/11030"}],"wp:attachment":[{"href":"https:\/\/kervanmagazacilik.com\/index.php\/wp-json\/wp\/v2\/media?parent=11029"}],"wp:term":[{"taxonomy":"product_brand","embeddable":true,"href":"https:\/\/kervanmagazacilik.com\/index.php\/wp-json\/wp\/v2\/product_brand?post=11029"},{"taxonomy":"product_cat","embeddable":true,"href":"https:\/\/kervanmagazacilik.com\/index.php\/wp-json\/wp\/v2\/product_cat?post=11029"},{"taxonomy":"product_tag","embeddable":true,"href":"https:\/\/kervanmagazacilik.com\/index.php\/wp-json\/wp\/v2\/product_tag?post=11029"}],"curies":[{"name":"wp","href":"https:\/\/api.w.org\/{rel}","templated":true}]}}