{"id":11000,"date":"2024-10-29T13:03:12","date_gmt":"2024-10-29T10:03:12","guid":{"rendered":"https:\/\/kervanmagazacilik.com\/?post_type=product&#038;p=11000"},"modified":"2024-10-29T13:03:12","modified_gmt":"2024-10-29T10:03:12","slug":"720ang000023","status":"publish","type":"product","link":"https:\/\/kervanmagazacilik.com\/index.php\/urun\/720ang000023\/","title":{"rendered":"720ANG000023"},"content":{"rendered":"<p>720ANG000023<\/p>\n<p>JF14-131 KALEML\u0130KL\u0130 MAR\u0130N ABAJUR 14*14*35,5 CM<\/p>\n<p>&nbsp;<\/p>\n","protected":false},"excerpt":{"rendered":"<p>720ANG000023 JF14-131 KALEML\u0130KL\u0130 MAR\u0130N ABAJUR 14*14*35,5 CM &nbsp;<\/p>\n","protected":false},"featured_media":11001,"template":"","meta":[],"product_brand":[],"product_cat":[2361],"product_tag":[2371],"class_list":{"0":"post-11000","1":"product","2":"type-product","3":"status-publish","4":"has-post-thumbnail","6":"product_cat-720ang","7":"product_tag-720ang000023","9":"first","10":"instock","11":"taxable","12":"shipping-taxable","13":"product-type-simple"},"_links":{"self":[{"href":"https:\/\/kervanmagazacilik.com\/index.php\/wp-json\/wp\/v2\/product\/11000","targetHints":{"allow":["GET"]}}],"collection":[{"href":"https:\/\/kervanmagazacilik.com\/index.php\/wp-json\/wp\/v2\/product"}],"about":[{"href":"https:\/\/kervanmagazacilik.com\/index.php\/wp-json\/wp\/v2\/types\/product"}],"wp:featuredmedia":[{"embeddable":true,"href":"https:\/\/kervanmagazacilik.com\/index.php\/wp-json\/wp\/v2\/media\/11001"}],"wp:attachment":[{"href":"https:\/\/kervanmagazacilik.com\/index.php\/wp-json\/wp\/v2\/media?parent=11000"}],"wp:term":[{"taxonomy":"product_brand","embeddable":true,"href":"https:\/\/kervanmagazacilik.com\/index.php\/wp-json\/wp\/v2\/product_brand?post=11000"},{"taxonomy":"product_cat","embeddable":true,"href":"https:\/\/kervanmagazacilik.com\/index.php\/wp-json\/wp\/v2\/product_cat?post=11000"},{"taxonomy":"product_tag","embeddable":true,"href":"https:\/\/kervanmagazacilik.com\/index.php\/wp-json\/wp\/v2\/product_tag?post=11000"}],"curies":[{"name":"wp","href":"https:\/\/api.w.org\/{rel}","templated":true}]}}